{"id":538,"date":"2015-05-20T17:59:34","date_gmt":"2015-05-20T16:59:34","guid":{"rendered":"http:\/\/www.marianistes.com\/documentation\/?post_type=ht_kb&#038;p=538"},"modified":"2016-02-03T17:57:08","modified_gmt":"2016-02-03T16:57:08","slug":"12-septembre-fete-du-saint-nom-de-marie","status":"publish","type":"ht_kb","link":"https:\/\/www.marianistes.com\/documentation\/docs\/12-septembre-fete-du-saint-nom-de-marie\/","title":{"rendered":"12 septembre : f\u00eate du  Saint Nom de Marie"},"content":{"rendered":"<h1 id=\"un-peu-dhistoire\" >Un peu d\u2019histoire<\/h1>\n<p><strong>Depuis 2002, la f\u00eate du saint Nom de Marie, qui avait disparu de calendrier liturgique y est de nouveau inscrite au 12 septembre, comme m\u00e9moire facultative.<\/strong><\/p>\n<p>D\u2019o\u00f9 nous vient donc cette f\u00eate\u00a0? Les historiens nous apprennent qu\u2019elle fut d\u2019abord c\u00e9l\u00e9br\u00e9e en Espagne, dans la ville de Cuenca, depuis l\u2019ann\u00e9e 1513. Elle fut \u00e9tendue plus tard \u00e0 toute l\u2019Espagne puis institu\u00e9e \u00e0 Rome en 1683, par le Pape Innocent XI, en action de gr\u00e2ce pour la d\u00e9livrance de Vienne assi\u00e9g\u00e9e par les Turcs.<\/p>\n<p>Elle est donc li\u00e9e \u00e0 l\u2019histoire de la Pologne et de l\u2019Europe. En effet, un si\u00e8cle apr\u00e8s la victoire de L\u00e9pante (1571), les Turcs tent\u00e8rent \u00e0 nouveau de passer en Europe occidentale mais par voie de terre. Le grand vizir, fort d\u2019une arm\u00e9e de 300\u00a0000 hommes, avait le projet de s\u2019emparer de Belgrade, Buda, Vienne et d\u2019arriver \u00e0 Rome.<\/p>\n<p>En ao\u00fbt 1683, le capucin italien Marco d\u2019Aviano, grand aum\u00f4nier des arm\u00e9es chr\u00e9tiennes, r\u00e9ussit \u00e0 convaincre le roi de Pologne, Jan Sobieski, de venir au secours de Vienne assi\u00e9g\u00e9e depuis le 14 juillet.<\/p>\n<p>Vienne se confiait en l\u2019intercession de la Vierge Marie et l\u2019image de la Vierge \u00e9tait sur tous les \u00e9tendards. Le P\u00e8re Marco c\u00e9l\u00e9bra la messe sur les hauteurs qui dominent la ville et pr\u00e9dit une victoire inou\u00efe.\u00a0\u00ab\u00a0La bataille commen\u00e7a \u00e0 l\u2019aube du 11 septembre&#8230;et le soir l\u2019\u00e9tendard du grand vizir \u00e9tait aux mains de Jan Sobieski&#8230;Le lendemain il fit son entr\u00e9e dans la ville et vint assister \u00e0 la messe en l\u2019\u00e9glise Notre dame de Lorette \u00e0 laquelle il attribuait la victoire.\u00a0\u00bb<\/p>\n<h1 id=\"le-saint-nom-de-marie-fete-patronale-de-linstitut-de-marie\" >Le saint Nom de Marie, f\u00eate patronale de l\u2019Institut de Marie<\/h1>\n<p>Si le P\u00e8re Chaminade a choisi cette f\u00eate comme f\u00eate patronale de la Soci\u00e9t\u00e9 de Marie et des Filles de Marie, c\u2019est, n\u2019en doutons pas, parce qu\u2019elle exprimait son in\u00e9branlable confiance en Marie. Lors d\u2019une retraite donn\u00e9e en 1827, il cite le psaume39\u00a0:<\/p>\n<p><em>\u00ab\u00a0Heureux l\u2019homme qui met son espoir dans le Nom du Seigneur et qui ne tourne pas son regard vers les vanit\u00e9s et les folies qui trompent.\u00a0\u00bb\u00a0<\/em>Et il commente ainsi\u00a0:\u00a0<em>\u00ab\u00a0Ce texte peut s\u2019entendre de Marie aussi bien que de Dieu et en g\u00e9n\u00e9ral les Saints P\u00e8res attribuent indistinctement \u00e0 la M\u00e8re ce qui est dit du Fils, et cela par voie de communication. L\u2019Eglise elle-m\u00eame agit ainsi\u00a0: c\u2019est ainsi que Marie est dite\u00a0: Spes nostra, vita nostra&#8230;Quelle confiance ne devons \u2013nous pas avoir en Marie\u00a0puisqu\u2019elle est toue puissante\u00a0!(non qu\u2019elle peut tout d\u2019elle-m\u00eame mais parce qu\u2019elle peu tout aupr\u00e8s de son Fils. Quelle confiance encore en pensant qu\u2019elle est notre M\u00e8re et notre v\u00e9ritable, non seulement par adoption, en tant qu\u2019elle nous a adopt\u00e9s au pied de la croix, mais encore en tant qu\u2019elle nous a enfant\u00e9s par la gr\u00e2ce de son Fils&#8230;\u00a0\u00bb<\/em> (Ecrits marials II p 311)<\/p>\n<p>Nous le savons, le nom renvoie au myst\u00e8re de la personne elle-m\u00eame, \u00e0 sa mission\u00a0; c\u00e9l\u00e9brer le nom de Marie, c\u2019est venir \u00e0 elle dans la confiance qu\u2019on peut avoir pour celle qui nous a \u00e9t\u00e9 donn\u00e9e par J\u00e9sus lui-m\u00eame. C\u2019est reconna\u00eetre la mission qui lui a \u00e9t\u00e9 confi\u00e9e et y participer.<\/p>\n<blockquote><p>Il nous est donc bien permis de paraphraser le psaume en disant\u00a0: Heureux celui qui met son espoir dans le nom de Marie\u00a0!<\/p><\/blockquote>\n<h1 id=\"que-nous-dit-la-liturgie-de-ce-jour\" >Que nous dit la liturgie de ce jour\u00a0?<\/h1>\n<p>Elle nous invite d\u2019abord \u00e0 accueillir le don que J\u00e9sus mourant nous fait de sa propre m\u00e8re\u00a0: <em>\u00ab\u00a0Seigneur Notre Dieu, ton Fils, en mourant sur la croix, a voulu nous donner pour m\u00e8re la m\u00e8re qu\u2019il s\u2019\u00e9tait choisie, la Vierge Marie. Puisque nous cherchons un s\u00fbr abri dans sa protection, accorde-nous de trouver r\u00e9confort en invoquant son nom maternel.\u00a0\u00bb<\/em><\/p>\n<p>Elle demande pour nous les lumi\u00e8res de l\u2019Esprit Saint : <em>\u00ab\u00a0R\u00e9pands en nos c\u0153urs la lumi\u00e8re de l\u2019Esprit saint pour qu\u2019\u00e0 l\u2019exemple de la Bienheureuse Marie toujours Vierge nous cherchions \u00e0 rester unis \u00e0 ton Fils, \u00e0 vivre pour lui et \u00e0 lui plaire en toute chose.\u00a0\u00bb<\/em> Le but est pr\u00e9cis\u00e9\u00a0: il s\u2019agit de vivre unis au Christ, de chercher \u00e0 lui plaire en tout, c\u2019est \u2013 \u00e0 dire \u00e0 faire comme lui la volont\u00e9 du P\u00e8re.<\/p>\n<p>Enfin, dans la pri\u00e8re apr\u00e8s la communion, elle demande que sous la conduite et la protection de la Vierge Marie nous rejetions ce qui est indigne du nom de chr\u00e9tien et que nous recherchions ce qui lui fait honneur\u00a0\u00bb<\/p>\n<p>Les textes liturgiques propres \u00e0 la Soci\u00e9t\u00e9 de Marie et aux Filles de Marie nous donneront la conclusion\u00a0:<\/p>\n<blockquote><p>\u00ab\u00a0Fid\u00e8les \u00e0 ta promesse, Seigneur, tu nous lib\u00e8res du mal par ton Fils n\u00e9 de la femme\u00a0: regarde cette famille qui met sa gloire \u00e0 porter le nom de Marie et accorde-lui d\u2019\u00eatre associ\u00e9e \u00e0 la victoire de J\u00e9sus le Christ, notre Seigneur qui r\u00e8gne pour les si\u00e8cles des si\u00e8cles.\u00a0\u00bb<\/p><\/blockquote>\n<p>En cette ann\u00e9e Chaminade, que ce soit notre pri\u00e8re d\u2019abord pour les religieux marianistes qui ont gard\u00e9 le Saint Nom de Marie* comme f\u00eate patronale, et pour toute la famille de Marie\u00a0: la\u00efcs et consacr\u00e9s engag\u00e9s dans la m\u00eame mission, pour le service de l\u2019Eglise.<\/p>\n<p>*Le 14 juillet 1869, \u00e0 la demande de M\u00e8re Marie Joseph de Casteras, 3<sup>\u00e8me<\/sup> sup\u00e9rieure g\u00e9n\u00e9rale, les Filles de Marie ont \u00e9t\u00e9 autoris\u00e9es \u00e0 ajouter le terme \u00ab\u00a0Immacul\u00e9e\u00a0\u00bb au nom de leur congr\u00e9gation. Leur f\u00eate patronale est donc fix\u00e9e au 8 d\u00e9cembre.<\/p>\n","protected":false},"author":131,"comment_status":"closed","ping_status":"closed","template":"","format":"standard","meta":{"footnotes":""},"ht_kb_category":[125],"ht_kb_tag":[121],"class_list":["post-538","ht_kb","type-ht_kb","status-publish","format-standard","hentry","ht_kb_category-mysteres-de-marie","ht_kb_tag-homelie"],"_links":{"self":[{"href":"https:\/\/www.marianistes.com\/documentation\/wp-json\/wp\/v2\/ht_kb\/538"}],"collection":[{"href":"https:\/\/www.marianistes.com\/documentation\/wp-json\/wp\/v2\/ht_kb"}],"about":[{"href":"https:\/\/www.marianistes.com\/documentation\/wp-json\/wp\/v2\/types\/ht_kb"}],"author":[{"embeddable":true,"href":"https:\/\/www.marianistes.com\/documentation\/wp-json\/wp\/v2\/users\/131"}],"replies":[{"embeddable":true,"href":"https:\/\/www.marianistes.com\/documentation\/wp-json\/wp\/v2\/comments?post=538"}],"version-history":[{"count":3,"href":"https:\/\/www.marianistes.com\/documentation\/wp-json\/wp\/v2\/ht_kb\/538\/revisions"}],"predecessor-version":[{"id":543,"href":"https:\/\/www.marianistes.com\/documentation\/wp-json\/wp\/v2\/ht_kb\/538\/revisions\/543"}],"wp:attachment":[{"href":"https:\/\/www.marianistes.com\/documentation\/wp-json\/wp\/v2\/media?parent=538"}],"wp:term":[{"taxonomy":"ht_kb_category","embeddable":true,"href":"https:\/\/www.marianistes.com\/documentation\/wp-json\/wp\/v2\/ht_kb_category?post=538"},{"taxonomy":"ht_kb_tag","embeddable":true,"href":"https:\/\/www.marianistes.com\/documentation\/wp-json\/wp\/v2\/ht_kb_tag?post=538"}],"curies":[{"name":"wp","href":"https:\/\/api.w.org\/{rel}","templated":true}]}}

12 septembre : fête du  Saint Nom de Marie

<h1 id="un-peu-dhistoire" >Un peu d’histoire</h1>
<p><strong>Depuis 2002, la fête du saint Nom de Marie, qui avait disparu de calendrier liturgique y est de nouveau inscrite au 12 septembre, comme mémoire facultative.</strong></p>
<p>D’où nous vient donc cette fête ? Les historiens nous apprennent qu’elle fut d’abord célébrée en Espagne, dans la ville de Cuenca, depuis l’année 1513. Elle fut étendue plus tard à toute l’Espagne puis instituée à Rome en 1683, par le Pape Innocent XI, en action de grâce pour la délivrance de Vienne assiégée par les Turcs.</p>
<p>Elle est donc liée à l’histoire de la Pologne et de l’Europe. En effet, un siècle après la victoire de Lépante (1571), les Turcs tentèrent à nouveau de passer en Europe occidentale mais par voie de terre. Le grand vizir, fort d’une armée de 300 000 hommes, avait le projet de s’emparer de Belgrade, Buda, Vienne et d’arriver à Rome.</p>
<p>En août 1683, le capucin italien Marco d’Aviano, grand aumônier des armées chrétiennes, réussit à convaincre le roi de Pologne, Jan Sobieski, de venir au secours de Vienne assiégée depuis le 14 juillet.</p>
<p>Vienne se confiait en l’intercession de la Vierge Marie et l’image de la Vierge était sur tous les étendards. Le Père Marco célébra la messe sur les hauteurs qui dominent la ville et prédit une victoire inouïe. « La bataille commença à l’aube du 11 septembre&#8230;et le soir l’étendard du grand vizir était aux mains de Jan Sobieski&#8230;Le lendemain il fit son entrée dans la ville et vint assister à la messe en l’église Notre dame de Lorette à laquelle il attribuait la victoire. »</p>
<h1 id="le-saint-nom-de-marie-fete-patronale-de-linstitut-de-marie" >Le saint Nom de Marie, fête patronale de l’Institut de Marie</h1>
<p>Si le Père Chaminade a choisi cette fête comme fête patronale de la Société de Marie et des Filles de Marie, c’est, n’en doutons pas, parce qu’elle exprimait son inébranlable confiance en Marie. Lors d’une retraite donnée en 1827, il cite le psaume39 :</p>
<p><em>« Heureux l’homme qui met son espoir dans le Nom du Seigneur et qui ne tourne pas son regard vers les vanités et les folies qui trompent. » </em>Et il commente ainsi : <em>« Ce texte peut s’entendre de Marie aussi bien que de Dieu et en général les Saints Pères attribuent indistinctement à la Mère ce qui est dit du Fils, et cela par voie de communication. L’Eglise elle-même agit ainsi : c’est ainsi que Marie est dite : Spes nostra, vita nostra&#8230;Quelle confiance ne devons –nous pas avoir en Marie puisqu’elle est toue puissante !(non qu’elle peut tout d’elle-même mais parce qu’elle peu tout auprès de son Fils. Quelle confiance encore en pensant qu’elle est notre Mère et notre véritable, non seulement par adoption, en tant qu’elle nous a adoptés au pied de la croix, mais encore en tant qu’elle nous a enfantés par la grâce de son Fils&#8230; »</em> (Ecrits marials II p 311)</p>
<p>Nous le savons, le nom renvoie au mystère de la personne elle-même, à sa mission ; célébrer le nom de Marie, c’est venir à elle dans la confiance qu’on peut avoir pour celle qui nous a été donnée par Jésus lui-même. C’est reconnaître la mission qui lui a été confiée et y participer.</p>
<blockquote><p>Il nous est donc bien permis de paraphraser le psaume en disant : Heureux celui qui met son espoir dans le nom de Marie !</p></blockquote>
<h1 id="que-nous-dit-la-liturgie-de-ce-jour" >Que nous dit la liturgie de ce jour ?</h1>
<p>Elle nous invite d’abord à accueillir le don que Jésus mourant nous fait de sa propre mère : <em>« Seigneur Notre Dieu, ton Fils, en mourant sur la croix, a voulu nous donner pour mère la mère qu’il s’était choisie, la Vierge Marie. Puisque nous cherchons un sûr abri dans sa protection, accorde-nous de trouver réconfort en invoquant son nom maternel. »</em></p>
<p>Elle demande pour nous les lumières de l’Esprit Saint : <em>« Répands en nos cœurs la lumière de l’Esprit saint pour qu’à l’exemple de la Bienheureuse Marie toujours Vierge nous cherchions à rester unis à ton Fils, à vivre pour lui et à lui plaire en toute chose. »</em> Le but est précisé : il s’agit de vivre unis au Christ, de chercher à lui plaire en tout, c’est – à dire à faire comme lui la volonté du Père.</p>
<p>Enfin, dans la prière après la communion, elle demande que sous la conduite et la protection de la Vierge Marie nous rejetions ce qui est indigne du nom de chrétien et que nous recherchions ce qui lui fait honneur »</p>
<p>Les textes liturgiques propres à la Société de Marie et aux Filles de Marie nous donneront la conclusion :</p>
<blockquote><p>« Fidèles à ta promesse, Seigneur, tu nous libères du mal par ton Fils né de la femme : regarde cette famille qui met sa gloire à porter le nom de Marie et accorde-lui d’être associée à la victoire de Jésus le Christ, notre Seigneur qui règne pour les siècles des siècles. »</p></blockquote>
<p>En cette année Chaminade, que ce soit notre prière d’abord pour les religieux marianistes qui ont gardé le Saint Nom de Marie* comme fête patronale, et pour toute la famille de Marie : laïcs et consacrés engagés dans la même mission, pour le service de l’Eglise.</p>
<p>*Le 14 juillet 1869, à la demande de Mère Marie Joseph de Casteras, 3<sup>ème</sup> supérieure générale, les Filles de Marie ont été autorisées à ajouter le terme « Immaculée » au nom de leur congrégation. Leur fête patronale est donc fixée au 8 décembre.</p>
