{"id":523,"date":"2015-05-20T17:40:03","date_gmt":"2015-05-20T16:40:03","guid":{"rendered":"http:\/\/www.marianistes.com\/documentation\/?post_type=ht_kb&#038;p=523"},"modified":"2016-02-03T18:00:05","modified_gmt":"2016-02-03T17:00:05","slug":"la-fete-de-lassomption","status":"publish","type":"ht_kb","link":"https:\/\/www.marianistes.com\/documentation\/docs\/la-fete-de-lassomption\/","title":{"rendered":"La f\u00eate de l\u2019Assomption"},"content":{"rendered":"<p>La f\u00eate de l\u2019Assomption nous am\u00e8ne \u00e0 prendre de la hauteur par rapport \u00e0 notre vie quotidienne. Cette ann\u00e9e, c\u2019est sous l\u2019angle du service du fr\u00e8re que nous allons essayer d\u2019entrer dans le myst\u00e8re de l\u2019\u00e9l\u00e9vation de Marie en son corps et en son \u00e2me \u00e0 la gloire du ciel. Les textes bibliques d\u2019une infinie densit\u00e9, que nous donne l\u2019Eglise, nous ouvriront quelques pistes.<\/p>\n<p>Saint Paul nous donne la cl\u00e9 de lecture dans son \u00e9p\u00eetre en nous disant\u00a0: \u00ab\u00a0Le Christ est ressuscit\u00e9 d\u2019entre les morts, pour \u00eatre parmi les morts le premier ressuscit\u00e9.\u00a0\u00bb. En d\u2019autres termes, il nous dit que ce que Dieu a donn\u00e9 \u00e0 son Fils, il le promet \u00e0 tous ses enfants. Dans l\u2019Assomption, il fait par avance \u00e0 Marie le cadeau destin\u00e9 \u00e0 tout homme, au dernier jour. Associ\u00e9s au Christ, tous ceux qui le veulent partageront la gloire de la r\u00e9surrection et entreront dans la maison du P\u00e8re, o\u00f9 le Christ est parti nous pr\u00e9parer une place. Voil\u00e0 notre esp\u00e9rance\u00a0!<\/p>\n<p>Nous voici, apparemment, bien loin des r\u00e9alit\u00e9s terrestres et donc du service du fr\u00e8re\u00a0! Nous ne pouvons rester dans cette impasse et pour cela il va nous falloir entrer dans le chemin d\u2019unification ouvert par J\u00e9sus qui a toujours situ\u00e9 sa mission de salut dans des perspectives d\u2019\u00e9ternit\u00e9 et d\u2019accomplissement. Lui, le Fils de Dieu a v\u00e9cu toute sa vie sous le regard du P\u00e8re et dans la recherche de sa volont\u00e9, le P\u00e8re et Lui ne faisaient qu\u2019Un lorsqu\u2019Il gu\u00e9rissait, b\u00e9nissait, ressuscitait&#8230;c\u2019est dans l\u2019Esprit qu\u2019il agissait. Le Royaume de Dieu qu\u2019Il annon\u00e7ait et qu\u2019Il instaurait \u00e9tait d\u00e9j\u00e0 une anticipation de l\u2019Eternit\u00e9.<\/p>\n<p>En ce jour de l\u2019Assomption, c\u2019est avec Marie, associ\u00e9e \u00e9troitement \u00e0 l\u2019oeuvre du salut que nous entrons dans ces perspectives qui nous concernent tous et qui renouvellent totalement notre regard sur nous-m\u00eames et sur les autres\u00a0: le but de toute vie n\u2019est-il pas d\u2019ouvrir progressivement tout ce que nous sommes \u00e0 la pr\u00e9sence vivante de Dieu pour qu\u2019Il puisse faire circuler son amour dans les moindres replis de notre coeur, dans les \u00e9v\u00e9nements, les rencontres, les joies et les souffrances qui font la trame de nos journ\u00e9es. Nous sommes tous appel\u00e9s \u00e0 laisser la vie de Dieu s\u2019incarner en nous\u00a0: ce qu\u2019Il a fait en Marie il veut le faire en nous et les uns par les autres.<\/p>\n<p>Les textes bibliques de ce jour (1\u00e8re lecture et Evangile) expriment ce magnifique myst\u00e8re \u00e0 travers l\u2019image de Marie Arche d\u2019Alliance.<\/p>\n<p>Dans l\u2019Apocalypse, texte adress\u00e9 \u00e0 des chr\u00e9tiens pers\u00e9cut\u00e9s, pour les soutenir dans leurs \u00e9preuves, nous assistons au combat entre une femme et un dragon. Cette femme est comme la r\u00e9apparition de l\u2019Arche d\u2019Alliance, signe de la pr\u00e9sence de Dieu au peuple \u00e9lu dans ses combats, elle est aussi le peuple \u00e9lu qui engendre le Messie\u00a0; ce Messie traverse la mort pour ressusciter et il est enlev\u00e9 au ciel. D\u00e9sormais le combat continue dans le d\u00e9sert du monde mais les croyants sont assur\u00e9s de la protection de Dieu et de la victoire.<\/p>\n<p>Dans l\u2019Evangile, nous contemplons Marie comme la femme victorieuse qui assure \u00e0 l\u2019humanit\u00e9 la victoire d\u00e9finitive sur le mal puisqu\u2019elle porte en elle le Seigneur lui-m\u00eame. Elle est la nouvelle arche d\u2019Alliance qui porte le Seigneur. C\u2019est ce qu\u2019exprime Elisabeth en proclamant\u00a0: \u00ab\u00a0Heureuse celle qui a cru en l\u2019accomplissement des paroles qui lui furent dites de la part du Seigneur\u00a0\u00bb. Marie, en croyant \u00e0 la Parole, lui permet de s\u2019accomplir en elle et ainsi, par elle et en elle, s\u2019op\u00e8re le salut.<\/p>\n<p>Ces textes nous disent donc que pour nous, chr\u00e9tiens, le service du fr\u00e8re est participation \u00e0 la mission du Christ et de sa M\u00e8re. Ce service peut nous amener \u00e0 vivre d\u2019intenses combats contre les forces du mal en nous et autour de nous, mais nous savons que le Seigneur est avec nous et qu\u2019il y aura un terme, qui sera l\u2019accomplissement de ce que nous avons cherch\u00e9 \u00e0 construire. Que la Vierge Marie, \u00ab\u00a0Arche de l\u2019Alliance nouvelle qui contient la nouvelle Loi, J\u00e9sus Christ, notre Seigneur\u00a0\u00bb*, nous accompagne dans tous nos gestes, aussi petits soient-ils, qui construisent d\u00e8s maintenant la cit\u00e9 future.<\/p>\n<p>*Oraison de la messe de \u2018Marie, temple du Seigneur\u2019<\/p>\n","protected":false},"author":142,"comment_status":"closed","ping_status":"closed","template":"","format":"standard","meta":{"footnotes":""},"ht_kb_category":[125],"ht_kb_tag":[121],"class_list":["post-523","ht_kb","type-ht_kb","status-publish","format-standard","hentry","ht_kb_category-mysteres-de-marie","ht_kb_tag-homelie"],"_links":{"self":[{"href":"https:\/\/www.marianistes.com\/documentation\/wp-json\/wp\/v2\/ht_kb\/523"}],"collection":[{"href":"https:\/\/www.marianistes.com\/documentation\/wp-json\/wp\/v2\/ht_kb"}],"about":[{"href":"https:\/\/www.marianistes.com\/documentation\/wp-json\/wp\/v2\/types\/ht_kb"}],"author":[{"embeddable":true,"href":"https:\/\/www.marianistes.com\/documentation\/wp-json\/wp\/v2\/users\/142"}],"replies":[{"embeddable":true,"href":"https:\/\/www.marianistes.com\/documentation\/wp-json\/wp\/v2\/comments?post=523"}],"version-history":[{"count":1,"href":"https:\/\/www.marianistes.com\/documentation\/wp-json\/wp\/v2\/ht_kb\/523\/revisions"}],"predecessor-version":[{"id":525,"href":"https:\/\/www.marianistes.com\/documentation\/wp-json\/wp\/v2\/ht_kb\/523\/revisions\/525"}],"wp:attachment":[{"href":"https:\/\/www.marianistes.com\/documentation\/wp-json\/wp\/v2\/media?parent=523"}],"wp:term":[{"taxonomy":"ht_kb_category","embeddable":true,"href":"https:\/\/www.marianistes.com\/documentation\/wp-json\/wp\/v2\/ht_kb_category?post=523"},{"taxonomy":"ht_kb_tag","embeddable":true,"href":"https:\/\/www.marianistes.com\/documentation\/wp-json\/wp\/v2\/ht_kb_tag?post=523"}],"curies":[{"name":"wp","href":"https:\/\/api.w.org\/{rel}","templated":true}]}}

La fête de l’Assomption

<p>La fête de l’Assomption nous amène à prendre de la hauteur par rapport à notre vie quotidienne. Cette année, c’est sous l’angle du service du frère que nous allons essayer d’entrer dans le mystère de l’élévation de Marie en son corps et en son âme à la gloire du ciel. Les textes bibliques d’une infinie densité, que nous donne l’Eglise, nous ouvriront quelques pistes.</p>
<p>Saint Paul nous donne la clé de lecture dans son épître en nous disant : « Le Christ est ressuscité d’entre les morts, pour être parmi les morts le premier ressuscité. ». En d’autres termes, il nous dit que ce que Dieu a donné à son Fils, il le promet à tous ses enfants. Dans l’Assomption, il fait par avance à Marie le cadeau destiné à tout homme, au dernier jour. Associés au Christ, tous ceux qui le veulent partageront la gloire de la résurrection et entreront dans la maison du Père, où le Christ est parti nous préparer une place. Voilà notre espérance !</p>
<p>Nous voici, apparemment, bien loin des réalités terrestres et donc du service du frère ! Nous ne pouvons rester dans cette impasse et pour cela il va nous falloir entrer dans le chemin d’unification ouvert par Jésus qui a toujours situé sa mission de salut dans des perspectives d’éternité et d’accomplissement. Lui, le Fils de Dieu a vécu toute sa vie sous le regard du Père et dans la recherche de sa volonté, le Père et Lui ne faisaient qu’Un lorsqu’Il guérissait, bénissait, ressuscitait&#8230;c’est dans l’Esprit qu’il agissait. Le Royaume de Dieu qu’Il annonçait et qu’Il instaurait était déjà une anticipation de l’Eternité.</p>
<p>En ce jour de l’Assomption, c’est avec Marie, associée étroitement à l’oeuvre du salut que nous entrons dans ces perspectives qui nous concernent tous et qui renouvellent totalement notre regard sur nous-mêmes et sur les autres : le but de toute vie n’est-il pas d’ouvrir progressivement tout ce que nous sommes à la présence vivante de Dieu pour qu’Il puisse faire circuler son amour dans les moindres replis de notre coeur, dans les événements, les rencontres, les joies et les souffrances qui font la trame de nos journées. Nous sommes tous appelés à laisser la vie de Dieu s’incarner en nous : ce qu’Il a fait en Marie il veut le faire en nous et les uns par les autres.</p>
<p>Les textes bibliques de ce jour (1ère lecture et Evangile) expriment ce magnifique mystère à travers l’image de Marie Arche d’Alliance.</p>
<p>Dans l’Apocalypse, texte adressé à des chrétiens persécutés, pour les soutenir dans leurs épreuves, nous assistons au combat entre une femme et un dragon. Cette femme est comme la réapparition de l’Arche d’Alliance, signe de la présence de Dieu au peuple élu dans ses combats, elle est aussi le peuple élu qui engendre le Messie ; ce Messie traverse la mort pour ressusciter et il est enlevé au ciel. Désormais le combat continue dans le désert du monde mais les croyants sont assurés de la protection de Dieu et de la victoire.</p>
<p>Dans l’Evangile, nous contemplons Marie comme la femme victorieuse qui assure à l’humanité la victoire définitive sur le mal puisqu’elle porte en elle le Seigneur lui-même. Elle est la nouvelle arche d’Alliance qui porte le Seigneur. C’est ce qu’exprime Elisabeth en proclamant : « Heureuse celle qui a cru en l’accomplissement des paroles qui lui furent dites de la part du Seigneur ». Marie, en croyant à la Parole, lui permet de s’accomplir en elle et ainsi, par elle et en elle, s’opère le salut.</p>
<p>Ces textes nous disent donc que pour nous, chrétiens, le service du frère est participation à la mission du Christ et de sa Mère. Ce service peut nous amener à vivre d’intenses combats contre les forces du mal en nous et autour de nous, mais nous savons que le Seigneur est avec nous et qu’il y aura un terme, qui sera l’accomplissement de ce que nous avons cherché à construire. Que la Vierge Marie, « Arche de l’Alliance nouvelle qui contient la nouvelle Loi, Jésus Christ, notre Seigneur »*, nous accompagne dans tous nos gestes, aussi petits soient-ils, qui construisent dès maintenant la cité future.</p>
<p>*Oraison de la messe de ‘Marie, temple du Seigneur’</p>
