{"id":2870,"date":"2022-06-21T09:35:48","date_gmt":"2022-06-21T08:35:48","guid":{"rendered":"https:\/\/www.marianistes.com\/documentation\/?post_type=ht_kb&#038;p=2870"},"modified":"2022-06-21T09:35:48","modified_gmt":"2022-06-21T08:35:48","slug":"vocabulaire-chaminadien","status":"publish","type":"ht_kb","link":"https:\/\/www.marianistes.com\/documentation\/docs\/vocabulaire-chaminadien\/","title":{"rendered":"Vocabulaire chaminadien"},"content":{"rendered":"\n<p>De nombreux \u00e9crits marianistes ont tent\u00e9 de pr\u00e9senter le charisme l\u00e9gu\u00e9 par le Bienheureux Chaminade. Parmi les termes-clefs on trouve toujours la foi, Marie, l\u2019oraison, la mission, la communaut\u00e9, etc\u2026 Le petit livre sur Chaminade dans la collection <em>\u00ab\u00a0Une parole par jour\u00a0\u00bb<\/em> pr\u00e9sente de nombreuses citations courtes illustrant le charisme marianiste.<\/p>\n<p>L\u2019ouvrage pr\u00e9sente cependant deux inconv\u00e9nients. Le premier est li\u00e9 aux imp\u00e9ratifs de la collection \u00ab\u00a0Une pens\u00e9e par jour\u00a0\u00bb\u00a0: les citations ne comportent pas de r\u00e9f\u00e9rence aux textes d\u2019o\u00f9 ils sont extraits. Le deuxi\u00e8me inconv\u00e9nient est li\u00e9 au style du P. Chaminade. En g\u00e9n\u00e9ral, il ne s\u2019exprime pas en propositions lapidaires mais a besoin de plus de mots pour nuancer sa pens\u00e9e ou avancer ses arguments avec prudence et d\u00e9licatesse.<\/p>\n<p>Voil\u00e0 pourquoi, pour cerner la signification du vocabulaire chaminadien, j\u2019ai relev\u00e9 des citations plus longues, avec le mot-clef et son environnement, et avec les r\u00e9f\u00e9rences. J\u2019ai relev\u00e9 aussi dans ce Vocabulaire quelques paragraphes et quelques lettres enti\u00e8res dans lesquels le P. Chaminade d\u00e9veloppe sa pens\u00e9e sur le concept en question \u2013 et qui sont donc plus que de simples citations.<\/p>\n<p>Cette recherche est limit\u00e9e aux Lettres du P. Chaminade, et s\u2019arr\u00eate en g\u00e9n\u00e9ral autour de 1840, apr\u00e8s avoir explor\u00e9 un millier de lettres.<\/p>\n<p>L\u2019ensemble des citations sur une notion particuli\u00e8re permet de v\u00e9rifier la pens\u00e9e du Fondateur et d\u2019\u00e9viter de lui faire dire ce qu\u2019il n\u2019a pas dit.<\/p>\n<p>\u00a0<\/p>\n\n\n\n<div data-wp-interactive=\"core\/file\" class=\"wp-block-file\"><object data-wp-bind--hidden=\"!state.hasPdfPreview\"  class=\"wp-block-file__embed\" data=\"https:\/\/www.marianistes.com\/documentation\/wp-content\/uploads\/sites\/2\/2022\/06\/VOCABULAIRE-CHAMINADIEN-A5.pdf\" type=\"application\/pdf\" style=\"width:100%;height:600px\" aria-label=\"Contenu embarqu\u00e9 Contenu embarqu\u00e9 VOCABULAIRE CHAMINADIEN-A5..\"><\/object><a id=\"wp-block-file--media-f0d51cf2-2a72-46bc-8283-ee08ffe23ba8\" href=\"https:\/\/www.marianistes.com\/documentation\/wp-content\/uploads\/sites\/2\/2022\/06\/VOCABULAIRE-CHAMINADIEN-A5.pdf\">VOCABULAIRE CHAMINADIEN-A5<\/a><a href=\"https:\/\/www.marianistes.com\/documentation\/wp-content\/uploads\/sites\/2\/2022\/06\/VOCABULAIRE-CHAMINADIEN-A5.pdf\" class=\"wp-block-file__button\" download aria-describedby=\"wp-block-file--media-f0d51cf2-2a72-46bc-8283-ee08ffe23ba8\">T\u00e9l\u00e9charger<\/a><\/div>\n","protected":false},"author":146,"comment_status":"closed","ping_status":"closed","template":"","format":"standard","meta":{"footnotes":""},"ht_kb_category":[95],"ht_kb_tag":[],"class_list":["post-2870","ht_kb","type-ht_kb","status-publish","format-standard","hentry","ht_kb_category-fondateurs"],"_links":{"self":[{"href":"https:\/\/www.marianistes.com\/documentation\/wp-json\/wp\/v2\/ht_kb\/2870"}],"collection":[{"href":"https:\/\/www.marianistes.com\/documentation\/wp-json\/wp\/v2\/ht_kb"}],"about":[{"href":"https:\/\/www.marianistes.com\/documentation\/wp-json\/wp\/v2\/types\/ht_kb"}],"author":[{"embeddable":true,"href":"https:\/\/www.marianistes.com\/documentation\/wp-json\/wp\/v2\/users\/146"}],"replies":[{"embeddable":true,"href":"https:\/\/www.marianistes.com\/documentation\/wp-json\/wp\/v2\/comments?post=2870"}],"version-history":[{"count":1,"href":"https:\/\/www.marianistes.com\/documentation\/wp-json\/wp\/v2\/ht_kb\/2870\/revisions"}],"predecessor-version":[{"id":2871,"href":"https:\/\/www.marianistes.com\/documentation\/wp-json\/wp\/v2\/ht_kb\/2870\/revisions\/2871"}],"wp:attachment":[{"href":"https:\/\/www.marianistes.com\/documentation\/wp-json\/wp\/v2\/media?parent=2870"}],"wp:term":[{"taxonomy":"ht_kb_category","embeddable":true,"href":"https:\/\/www.marianistes.com\/documentation\/wp-json\/wp\/v2\/ht_kb_category?post=2870"},{"taxonomy":"ht_kb_tag","embeddable":true,"href":"https:\/\/www.marianistes.com\/documentation\/wp-json\/wp\/v2\/ht_kb_tag?post=2870"}],"curies":[{"name":"wp","href":"https:\/\/api.w.org\/{rel}","templated":true}]}}

<p>De nombreux écrits marianistes ont tenté de présenter le charisme légué par le Bienheureux Chaminade. Parmi les termes-clefs on trouve toujours la foi, Marie, l’oraison, la mission, la communauté, etc… Le petit livre sur Chaminade dans la collection <em>« Une parole par jour »</em> présente de nombreuses citations courtes illustrant le charisme marianiste.</p>
<p>L’ouvrage présente cependant deux inconvénients. Le premier est lié aux impératifs de la collection « Une pensée par jour » : les citations ne comportent pas de référence aux textes d’où ils sont extraits. Le deuxième inconvénient est lié au style du P. Chaminade. En général, il ne s’exprime pas en propositions lapidaires mais a besoin de plus de mots pour nuancer sa pensée ou avancer ses arguments avec prudence et délicatesse.</p>
<p>Voilà pourquoi, pour cerner la signification du vocabulaire chaminadien, j’ai relevé des citations plus longues, avec le mot-clef et son environnement, et avec les références. J’ai relevé aussi dans ce Vocabulaire quelques paragraphes et quelques lettres entières dans lesquels le P. Chaminade développe sa pensée sur le concept en question – et qui sont donc plus que de simples citations.</p>
<p>Cette recherche est limitée aux Lettres du P. Chaminade, et s’arrête en général autour de 1840, après avoir exploré un millier de lettres.</p>
<p>L’ensemble des citations sur une notion particulière permet de vérifier la pensée du Fondateur et d’éviter de lui faire dire ce qu’il n’a pas dit.</p>
<p> </p>



<div data-wp-interactive="core/file" class="wp-block-file"><object data-wp-bind--hidden="!state.hasPdfPreview"  class="wp-block-file__embed" data="https://www.marianistes.com/documentation/wp-content/uploads/sites/2/2022/06/VOCABULAIRE-CHAMINADIEN-A5.pdf" type="application/pdf" style="width:100%;height:600px" aria-label="Contenu embarqué Contenu embarqué VOCABULAIRE CHAMINADIEN-A5.."></object><a id="wp-block-file--media-f0d51cf2-2a72-46bc-8283-ee08ffe23ba8" href="https://www.marianistes.com/documentation/wp-content/uploads/sites/2/2022/06/VOCABULAIRE-CHAMINADIEN-A5.pdf">VOCABULAIRE CHAMINADIEN-A5</a><a href="https://www.marianistes.com/documentation/wp-content/uploads/sites/2/2022/06/VOCABULAIRE-CHAMINADIEN-A5.pdf" class="wp-block-file__button" download aria-describedby="wp-block-file--media-f0d51cf2-2a72-46bc-8283-ee08ffe23ba8">Télécharger</a></div>
