{"id":2429,"date":"2018-04-14T09:28:56","date_gmt":"2018-04-14T08:28:56","guid":{"rendered":"http:\/\/www.marianistes.com\/documentation\/?post_type=ht_kb&#038;p=2429"},"modified":"2019-05-22T14:29:21","modified_gmt":"2019-05-22T13:29:21","slug":"une-heure-pour-connaitre-adele-de-trenquelleon","status":"publish","type":"ht_kb","link":"https:\/\/www.marianistes.com\/documentation\/docs\/une-heure-pour-connaitre-adele-de-trenquelleon\/","title":{"rendered":"Une heure pour conna\u00eetre Ad\u00e8le de Trenquell\u00e9on"},"content":{"rendered":"<p><strong>T\u00e9l\u00e9charger le document en POWER POINT<br \/>\n<\/strong><\/p>\n<iframe src=\"\/\/docs.google.com\/viewer?url=http%3A%2F%2Fmedia.marianistes.com%2Fmedia-mf%2FDOCUMENTATION%2Fadele-diaporama.pptx&hl=fr&embedded=true\" class=\"gde-frame\" style=\"width:100%; height:500px; border: none;\" scrolling=\"no\"><\/iframe>\n<p class=\"gde-text\"><a href=\"http:\/\/media.marianistes.com\/media-mf\/DOCUMENTATION\/adele-diaporama.pptx\" class=\"gde-link\">T\u00e9l\u00e9charger (PPTX, Inconnu)<\/a><\/p>\n","protected":false},"author":3,"comment_status":"closed","ping_status":"closed","template":"","format":"video","meta":{"footnotes":""},"ht_kb_category":[103],"ht_kb_tag":[],"class_list":["post-2429","ht_kb","type-ht_kb","status-publish","format-video","hentry","ht_kb_category-bicentenaire-de-mere-adele"],"_links":{"self":[{"href":"https:\/\/www.marianistes.com\/documentation\/wp-json\/wp\/v2\/ht_kb\/2429"}],"collection":[{"href":"https:\/\/www.marianistes.com\/documentation\/wp-json\/wp\/v2\/ht_kb"}],"about":[{"href":"https:\/\/www.marianistes.com\/documentation\/wp-json\/wp\/v2\/types\/ht_kb"}],"author":[{"embeddable":true,"href":"https:\/\/www.marianistes.com\/documentation\/wp-json\/wp\/v2\/users\/3"}],"replies":[{"embeddable":true,"href":"https:\/\/www.marianistes.com\/documentation\/wp-json\/wp\/v2\/comments?post=2429"}],"version-history":[{"count":1,"href":"https:\/\/www.marianistes.com\/documentation\/wp-json\/wp\/v2\/ht_kb\/2429\/revisions"}],"predecessor-version":[{"id":2434,"href":"https:\/\/www.marianistes.com\/documentation\/wp-json\/wp\/v2\/ht_kb\/2429\/revisions\/2434"}],"wp:attachment":[{"href":"https:\/\/www.marianistes.com\/documentation\/wp-json\/wp\/v2\/media?parent=2429"}],"wp:term":[{"taxonomy":"ht_kb_category","embeddable":true,"href":"https:\/\/www.marianistes.com\/documentation\/wp-json\/wp\/v2\/ht_kb_category?post=2429"},{"taxonomy":"ht_kb_tag","embeddable":true,"href":"https:\/\/www.marianistes.com\/documentation\/wp-json\/wp\/v2\/ht_kb_tag?post=2429"}],"curies":[{"name":"wp","href":"https:\/\/api.w.org\/{rel}","templated":true}]}}

Une heure pour connaître Adèle de Trenquelléon

<p><strong>Télécharger le document en POWER POINT<br />
</strong></p>
<iframe src="//docs.google.com/viewer?url=http%3A%2F%2Fmedia.marianistes.com%2Fmedia-mf%2FDOCUMENTATION%2Fadele-diaporama.pptx&hl=fr&embedded=true" class="gde-frame" style="width:100%; height:500px; border: none;" scrolling="no"></iframe>
<p class="gde-text"><a href="http://media.marianistes.com/media-mf/DOCUMENTATION/adele-diaporama.pptx" class="gde-link">Télécharger (PPTX, Inconnu)</a></p>
