{"id":2400,"date":"2018-02-08T16:36:04","date_gmt":"2018-02-08T15:36:04","guid":{"rendered":"http:\/\/www.marianistes.com\/documentation\/?post_type=ht_kb&#038;p=2400"},"modified":"2021-02-01T16:03:26","modified_gmt":"2021-02-01T15:03:26","slug":"autres-logos-pour-la-beatification-dadele-de-trenquelleon","status":"publish","type":"ht_kb","link":"https:\/\/www.marianistes.com\/documentation\/docs\/autres-logos-pour-la-beatification-dadele-de-trenquelleon\/","title":{"rendered":"Autres logos pour la b\u00e9atification d&#8217;Ad\u00e8le de Trenquell\u00e9on"},"content":{"rendered":"<p><img loading=\"lazy\" decoding=\"async\" class=\"wp-image-2402 size-thumbnail alignleft\" src=\"http:\/\/www.marianistes.com\/documentation\/wp-content\/uploads\/sites\/2\/2018\/02\/logo-adele-796x1042-150x150.png\" alt=\"\" width=\"150\" height=\"150\" srcset=\"https:\/\/www.marianistes.com\/documentation\/wp-content\/uploads\/sites\/2\/2018\/02\/logo-adele-796x1042-150x150.png 150w, https:\/\/www.marianistes.com\/documentation\/wp-content\/uploads\/sites\/2\/2018\/02\/logo-adele-796x1042-60x60.png 60w\" sizes=\"(max-width: 150px) 100vw, 150px\" \/><\/p>\n<p>&nbsp;<\/p>\n<p>Une fleur, montrant la beaut\u00e9 d&#8217;une vie et un projet qui se forme avec l&#8217;union autoritaire, de personnes diff\u00e9rentes et compl\u00e9mentaires. Les formes ont \u00e0 leur tour une spirale qui pousse vers l&#8217;int\u00e9rieur, le profond, et dehors, l&#8217;avenir, pour \u00eatre de plus en plus grand et aller plus loin.<\/p>\n<p><img loading=\"lazy\" decoding=\"async\" class=\"wp-image-2403 size-thumbnail alignright\" src=\"http:\/\/www.marianistes.com\/documentation\/wp-content\/uploads\/sites\/2\/2018\/02\/logo-adele2-968\u2006\u00d7\u20061060-150x150.png\" alt=\"\" width=\"150\" height=\"150\" srcset=\"https:\/\/www.marianistes.com\/documentation\/wp-content\/uploads\/sites\/2\/2018\/02\/logo-adele2-968\u2006\u00d7\u20061060-150x150.png 150w, https:\/\/www.marianistes.com\/documentation\/wp-content\/uploads\/sites\/2\/2018\/02\/logo-adele2-968\u2006\u00d7\u20061060-60x60.png 60w\" sizes=\"(max-width: 150px) 100vw, 150px\" \/>Le visage d&#8217;Adele inspir\u00e9 de la statue qui est \u00e0 la chapelle d&#8217;Agen et les mains inspir\u00e9es de l&#8217;ic\u00f4ne de la chapelle de l&#8217;administration g\u00e9n\u00e9rale. Accueille, regroupe, convoque, regarde vers l&#8217;avenir et projette.<\/p>\n\n\n<div class=\"wp-block-file\"><a href=\"https:\/\/www.marianistes.com\/documentation\/wp-content\/uploads\/sites\/2\/2018\/02\/logo-officiel-beat-adele.zip\">logo-officiel-beat-adele<\/a><a href=\"https:\/\/www.marianistes.com\/documentation\/wp-content\/uploads\/sites\/2\/2018\/02\/logo-officiel-beat-adele.zip\" class=\"wp-block-file__button\" download>T\u00e9l\u00e9charger<\/a><\/div>\n","protected":false},"author":3,"comment_status":"closed","ping_status":"closed","template":"","format":"standard","meta":{"footnotes":""},"ht_kb_category":[150],"ht_kb_tag":[],"class_list":["post-2400","ht_kb","type-ht_kb","status-publish","format-standard","hentry","ht_kb_category-media"],"_links":{"self":[{"href":"https:\/\/www.marianistes.com\/documentation\/wp-json\/wp\/v2\/ht_kb\/2400"}],"collection":[{"href":"https:\/\/www.marianistes.com\/documentation\/wp-json\/wp\/v2\/ht_kb"}],"about":[{"href":"https:\/\/www.marianistes.com\/documentation\/wp-json\/wp\/v2\/types\/ht_kb"}],"author":[{"embeddable":true,"href":"https:\/\/www.marianistes.com\/documentation\/wp-json\/wp\/v2\/users\/3"}],"replies":[{"embeddable":true,"href":"https:\/\/www.marianistes.com\/documentation\/wp-json\/wp\/v2\/comments?post=2400"}],"version-history":[{"count":2,"href":"https:\/\/www.marianistes.com\/documentation\/wp-json\/wp\/v2\/ht_kb\/2400\/revisions"}],"predecessor-version":[{"id":2823,"href":"https:\/\/www.marianistes.com\/documentation\/wp-json\/wp\/v2\/ht_kb\/2400\/revisions\/2823"}],"wp:attachment":[{"href":"https:\/\/www.marianistes.com\/documentation\/wp-json\/wp\/v2\/media?parent=2400"}],"wp:term":[{"taxonomy":"ht_kb_category","embeddable":true,"href":"https:\/\/www.marianistes.com\/documentation\/wp-json\/wp\/v2\/ht_kb_category?post=2400"},{"taxonomy":"ht_kb_tag","embeddable":true,"href":"https:\/\/www.marianistes.com\/documentation\/wp-json\/wp\/v2\/ht_kb_tag?post=2400"}],"curies":[{"name":"wp","href":"https:\/\/api.w.org\/{rel}","templated":true}]}}

Autres logos pour la béatification d&#8217;Adèle de Trenquelléon

<p><img loading="lazy" decoding="async" class="wp-image-2402 size-thumbnail alignleft" src="http://www.marianistes.com/documentation/wp-content/uploads/sites/2/2018/02/logo-adele-796x1042-150x150.png" alt="" width="150" height="150" srcset="https://www.marianistes.com/documentation/wp-content/uploads/sites/2/2018/02/logo-adele-796x1042-150x150.png 150w, https://www.marianistes.com/documentation/wp-content/uploads/sites/2/2018/02/logo-adele-796x1042-60x60.png 60w" sizes="(max-width: 150px) 100vw, 150px" /></p>
<p>&nbsp;</p>
<p>Une fleur, montrant la beauté d&#8217;une vie et un projet qui se forme avec l&#8217;union autoritaire, de personnes différentes et complémentaires. Les formes ont à leur tour une spirale qui pousse vers l&#8217;intérieur, le profond, et dehors, l&#8217;avenir, pour être de plus en plus grand et aller plus loin.</p>
<p><img loading="lazy" decoding="async" class="wp-image-2403 size-thumbnail alignright" src="http://www.marianistes.com/documentation/wp-content/uploads/sites/2/2018/02/logo-adele2-968 × 1060-150x150.png" alt="" width="150" height="150" srcset="https://www.marianistes.com/documentation/wp-content/uploads/sites/2/2018/02/logo-adele2-968 × 1060-150x150.png 150w, https://www.marianistes.com/documentation/wp-content/uploads/sites/2/2018/02/logo-adele2-968 × 1060-60x60.png 60w" sizes="(max-width: 150px) 100vw, 150px" />Le visage d&#8217;Adele inspiré de la statue qui est à la chapelle d&#8217;Agen et les mains inspirées de l&#8217;icône de la chapelle de l&#8217;administration générale. Accueille, regroupe, convoque, regarde vers l&#8217;avenir et projette.</p>


<div class="wp-block-file"><a href="https://www.marianistes.com/documentation/wp-content/uploads/sites/2/2018/02/logo-officiel-beat-adele.zip">logo-officiel-beat-adele</a><a href="https://www.marianistes.com/documentation/wp-content/uploads/sites/2/2018/02/logo-officiel-beat-adele.zip" class="wp-block-file__button" download>Télécharger</a></div>
