{"id":2392,"date":"2018-02-08T16:22:56","date_gmt":"2018-02-08T15:22:56","guid":{"rendered":"http:\/\/www.marianistes.com\/documentation\/?post_type=ht_kb&#038;p=2392"},"modified":"2018-02-08T16:39:38","modified_gmt":"2018-02-08T15:39:38","slug":"logo-officiel-pour-la-beatification-dadele-de-trenquelleon","status":"publish","type":"ht_kb","link":"https:\/\/www.marianistes.com\/documentation\/docs\/logo-officiel-pour-la-beatification-dadele-de-trenquelleon\/","title":{"rendered":"Logo officiel pour la b\u00e9atification d&#8217;Ad\u00e8le de Trenquell\u00e9on"},"content":{"rendered":"<p><img loading=\"lazy\" decoding=\"async\" class=\"alignnone size-medium wp-image-2396\" src=\"http:\/\/www.marianistes.com\/documentation\/wp-content\/uploads\/sites\/2\/2018\/02\/logo-beatif-adele-500x262-300x157.jpg\" alt=\"\" width=\"300\" height=\"157\" srcset=\"https:\/\/www.marianistes.com\/documentation\/wp-content\/uploads\/sites\/2\/2018\/02\/logo-beatif-adele-500x262-300x157.jpg 300w, https:\/\/www.marianistes.com\/documentation\/wp-content\/uploads\/sites\/2\/2018\/02\/logo-beatif-adele-500x262-50x26.jpg 50w, https:\/\/www.marianistes.com\/documentation\/wp-content\/uploads\/sites\/2\/2018\/02\/logo-beatif-adele-500x262-320x168.jpg 320w, https:\/\/www.marianistes.com\/documentation\/wp-content\/uploads\/sites\/2\/2018\/02\/logo-beatif-adele-500x262.jpg 500w\" sizes=\"(max-width: 300px) 100vw, 300px\" \/><\/p>\n<p>Voici le logo en haute d\u00e9finition : taille 5905px x 4724px &#8211; image en jpeg (3,3 Mo)<\/p>\n<p>Voici le logo en basse d\u00e9finition : taille 500px x 262px &#8211; image en jpeg (17ko)<\/p>\n<p><strong>T\u00e9l\u00e9chargez le fichier ZIP joint<\/strong><\/p>\n","protected":false},"author":3,"comment_status":"closed","ping_status":"closed","template":"","format":"standard","meta":{"footnotes":""},"ht_kb_category":[150],"ht_kb_tag":[],"class_list":["post-2392","ht_kb","type-ht_kb","status-publish","format-standard","hentry","ht_kb_category-media"],"_links":{"self":[{"href":"https:\/\/www.marianistes.com\/documentation\/wp-json\/wp\/v2\/ht_kb\/2392"}],"collection":[{"href":"https:\/\/www.marianistes.com\/documentation\/wp-json\/wp\/v2\/ht_kb"}],"about":[{"href":"https:\/\/www.marianistes.com\/documentation\/wp-json\/wp\/v2\/types\/ht_kb"}],"author":[{"embeddable":true,"href":"https:\/\/www.marianistes.com\/documentation\/wp-json\/wp\/v2\/users\/3"}],"replies":[{"embeddable":true,"href":"https:\/\/www.marianistes.com\/documentation\/wp-json\/wp\/v2\/comments?post=2392"}],"version-history":[{"count":1,"href":"https:\/\/www.marianistes.com\/documentation\/wp-json\/wp\/v2\/ht_kb\/2392\/revisions"}],"predecessor-version":[{"id":2407,"href":"https:\/\/www.marianistes.com\/documentation\/wp-json\/wp\/v2\/ht_kb\/2392\/revisions\/2407"}],"wp:attachment":[{"href":"https:\/\/www.marianistes.com\/documentation\/wp-json\/wp\/v2\/media?parent=2392"}],"wp:term":[{"taxonomy":"ht_kb_category","embeddable":true,"href":"https:\/\/www.marianistes.com\/documentation\/wp-json\/wp\/v2\/ht_kb_category?post=2392"},{"taxonomy":"ht_kb_tag","embeddable":true,"href":"https:\/\/www.marianistes.com\/documentation\/wp-json\/wp\/v2\/ht_kb_tag?post=2392"}],"curies":[{"name":"wp","href":"https:\/\/api.w.org\/{rel}","templated":true}]}}

Logo officiel pour la béatification d&#8217;Adèle de Trenquelléon

<p><img loading="lazy" decoding="async" class="alignnone size-medium wp-image-2396" src="http://www.marianistes.com/documentation/wp-content/uploads/sites/2/2018/02/logo-beatif-adele-500x262-300x157.jpg" alt="" width="300" height="157" srcset="https://www.marianistes.com/documentation/wp-content/uploads/sites/2/2018/02/logo-beatif-adele-500x262-300x157.jpg 300w, https://www.marianistes.com/documentation/wp-content/uploads/sites/2/2018/02/logo-beatif-adele-500x262-50x26.jpg 50w, https://www.marianistes.com/documentation/wp-content/uploads/sites/2/2018/02/logo-beatif-adele-500x262-320x168.jpg 320w, https://www.marianistes.com/documentation/wp-content/uploads/sites/2/2018/02/logo-beatif-adele-500x262.jpg 500w" sizes="(max-width: 300px) 100vw, 300px" /></p>
<p>Voici le logo en haute définition : taille 5905px x 4724px &#8211; image en jpeg (3,3 Mo)</p>
<p>Voici le logo en basse définition : taille 500px x 262px &#8211; image en jpeg (17ko)</p>
<p><strong>Téléchargez le fichier ZIP joint</strong></p>
