{"id":2265,"date":"2017-01-20T17:35:26","date_gmt":"2017-01-20T16:35:26","guid":{"rendered":"http:\/\/www.marianistes.com\/documentation\/?post_type=ht_kb&#038;p=2265"},"modified":"2017-01-21T15:11:02","modified_gmt":"2017-01-21T14:11:02","slug":"le-blason-de-la-societe-de-marie","status":"publish","type":"ht_kb","link":"https:\/\/www.marianistes.com\/documentation\/docs\/le-blason-de-la-societe-de-marie\/","title":{"rendered":"Le blason de la Soci\u00e9t\u00e9 de Marie"},"content":{"rendered":"<p>Voici une image du blason (<strong>blason1<\/strong>) en noir et blanc en .jpg\u00a0 (560&#215;695 px)- Taille : 1,11 Mo<\/p>\n<p><img loading=\"lazy\" decoding=\"async\" class=\"size-full wp-image-2270 aligncenter\" src=\"http:\/\/www.marianistes.com\/documentation\/wp-content\/uploads\/sites\/2\/2017\/01\/blason-page1.jpg\" alt=\"\" width=\"200\" height=\"248\" srcset=\"https:\/\/www.marianistes.com\/documentation\/wp-content\/uploads\/sites\/2\/2017\/01\/blason-page1.jpg 200w, https:\/\/www.marianistes.com\/documentation\/wp-content\/uploads\/sites\/2\/2017\/01\/blason-page1-40x50.jpg 40w\" sizes=\"(max-width: 200px) 100vw, 200px\" \/><\/p>\n<p>&nbsp;<\/p>\n<p>Voici une image du blason (<strong>blason2<\/strong>) en noir et blanc en .jpg\u00a0 (739&#215;1024 px)- Taille : 375,3 ko<\/p>\n<p><img loading=\"lazy\" decoding=\"async\" class=\"size-full wp-image-2271 aligncenter\" src=\"http:\/\/www.marianistes.com\/documentation\/wp-content\/uploads\/sites\/2\/2017\/01\/blason-page2.jpg\" alt=\"\" width=\"200\" height=\"277\" srcset=\"https:\/\/www.marianistes.com\/documentation\/wp-content\/uploads\/sites\/2\/2017\/01\/blason-page2.jpg 200w, https:\/\/www.marianistes.com\/documentation\/wp-content\/uploads\/sites\/2\/2017\/01\/blason-page2-36x50.jpg 36w\" sizes=\"(max-width: 200px) 100vw, 200px\" \/><\/p>\n<p>&nbsp;<\/p>\n<p>Voici une image du blason (<strong>blason3<\/strong>) sur pierre &#8211; noir et blanc en .jpg\u00a0 (1864&#215;2546 px)- Taille : 2,6 Mo<\/p>\n<p><em>(bient\u00f4t t\u00e9l\u00e9chargeable)<\/em><\/p>\n<p><img loading=\"lazy\" decoding=\"async\" class=\"size-full wp-image-2272 aligncenter\" src=\"http:\/\/www.marianistes.com\/documentation\/wp-content\/uploads\/sites\/2\/2017\/01\/blason-page3.jpg\" alt=\"\" width=\"200\" height=\"273\" srcset=\"https:\/\/www.marianistes.com\/documentation\/wp-content\/uploads\/sites\/2\/2017\/01\/blason-page3.jpg 200w, https:\/\/www.marianistes.com\/documentation\/wp-content\/uploads\/sites\/2\/2017\/01\/blason-page3-37x50.jpg 37w\" sizes=\"(max-width: 200px) 100vw, 200px\" \/><\/p>\n<p>&nbsp;<\/p>\n<p>Voici une image du blason (<strong>blason4<\/strong>) sur pierre &#8211; en noir et blanc en .jpg\u00a0 (1753&#215;2816 px)- Taille : 3,3 Mo<\/p>\n<p><em>(bient\u00f4t t\u00e9l\u00e9chargeable)<\/em><\/p>\n<p><img loading=\"lazy\" decoding=\"async\" class=\"size-medium wp-image-2273 aligncenter\" src=\"http:\/\/www.marianistes.com\/documentation\/wp-content\/uploads\/sites\/2\/2017\/01\/blason-page4-187x300.jpg\" alt=\"\" width=\"187\" height=\"300\" srcset=\"https:\/\/www.marianistes.com\/documentation\/wp-content\/uploads\/sites\/2\/2017\/01\/blason-page4-187x300.jpg 187w, https:\/\/www.marianistes.com\/documentation\/wp-content\/uploads\/sites\/2\/2017\/01\/blason-page4-31x50.jpg 31w, https:\/\/www.marianistes.com\/documentation\/wp-content\/uploads\/sites\/2\/2017\/01\/blason-page4.jpg 200w\" sizes=\"(max-width: 187px) 100vw, 187px\" \/><\/p>\n<p>&nbsp;<\/p>\n<p>Voici une image du blason (<strong>blason5<\/strong>) en couleur en .png\u00a0 (521&#215;733 px)- Taille : 1,11 Mo<\/p>\n<p><img loading=\"lazy\" decoding=\"async\" class=\"size-full wp-image-2274 aligncenter\" src=\"http:\/\/www.marianistes.com\/documentation\/wp-content\/uploads\/sites\/2\/2017\/01\/blason-page5.jpg\" alt=\"\" width=\"200\" height=\"281\" srcset=\"https:\/\/www.marianistes.com\/documentation\/wp-content\/uploads\/sites\/2\/2017\/01\/blason-page5.jpg 200w, https:\/\/www.marianistes.com\/documentation\/wp-content\/uploads\/sites\/2\/2017\/01\/blason-page5-36x50.jpg 36w\" sizes=\"(max-width: 200px) 100vw, 200px\" \/><\/p>\n<p>&nbsp;<\/p>\n<p>Voici une image du blason (<strong>blason6<\/strong>) en couleur en .jpg\u00a0 (1500&#215;1775 px)- Taille : 530,5 ko<\/p>\n<p><img loading=\"lazy\" decoding=\"async\" class=\"size-full wp-image-2275 aligncenter\" src=\"http:\/\/www.marianistes.com\/documentation\/wp-content\/uploads\/sites\/2\/2017\/01\/blason-page6.jpg\" alt=\"\" width=\"200\" height=\"237\" srcset=\"https:\/\/www.marianistes.com\/documentation\/wp-content\/uploads\/sites\/2\/2017\/01\/blason-page6.jpg 200w, https:\/\/www.marianistes.com\/documentation\/wp-content\/uploads\/sites\/2\/2017\/01\/blason-page6-42x50.jpg 42w\" sizes=\"(max-width: 200px) 100vw, 200px\" \/><\/p>\n<p><strong>D&#8217;autres blasons &#8211; Documents PDF<br \/>\n<\/strong><\/p>\n<iframe src=\"\/\/docs.google.com\/viewer?url=http%3A%2F%2Fmedia.marianistes.com%2Fmedia-mf%2FDOCUMENTATION%2Fblason10.pdf&hl=fr&embedded=true\" class=\"gde-frame\" style=\"width:100%; height:500px; border: none;\" scrolling=\"no\"><\/iframe>\n<p class=\"gde-text\"><a href=\"http:\/\/media.marianistes.com\/media-mf\/DOCUMENTATION\/blason10.pdf\" class=\"gde-link\">T\u00e9l\u00e9charger (PDF, Inconnu)<\/a><\/p>\n<iframe src=\"\/\/docs.google.com\/viewer?url=http%3A%2F%2Fmedia.marianistes.com%2Fmedia-mf%2FDOCUMENTATION%2Fblason11.pdf&hl=fr&embedded=true\" class=\"gde-frame\" style=\"width:100%; height:500px; border: none;\" scrolling=\"no\"><\/iframe>\n<p class=\"gde-text\"><a href=\"http:\/\/media.marianistes.com\/media-mf\/DOCUMENTATION\/blason11.pdf\" class=\"gde-link\">T\u00e9l\u00e9charger (PDF, Inconnu)<\/a><\/p>\n<iframe src=\"\/\/docs.google.com\/viewer?url=http%3A%2F%2Fmedia.marianistes.com%2Fmedia-mf%2FDOCUMENTATION%2Fblason12.pdf&hl=fr&embedded=true\" class=\"gde-frame\" style=\"width:100%; height:500px; border: none;\" scrolling=\"no\"><\/iframe>\n<p class=\"gde-text\"><a href=\"http:\/\/media.marianistes.com\/media-mf\/DOCUMENTATION\/blason12.pdf\" class=\"gde-link\">T\u00e9l\u00e9charger (PDF, Inconnu)<\/a><\/p>\n","protected":false},"author":3,"comment_status":"closed","ping_status":"closed","template":"","format":"standard","meta":{"footnotes":""},"ht_kb_category":[113],"ht_kb_tag":[],"class_list":["post-2265","ht_kb","type-ht_kb","status-publish","format-standard","hentry","ht_kb_category-iconographie"],"_links":{"self":[{"href":"https:\/\/www.marianistes.com\/documentation\/wp-json\/wp\/v2\/ht_kb\/2265"}],"collection":[{"href":"https:\/\/www.marianistes.com\/documentation\/wp-json\/wp\/v2\/ht_kb"}],"about":[{"href":"https:\/\/www.marianistes.com\/documentation\/wp-json\/wp\/v2\/types\/ht_kb"}],"author":[{"embeddable":true,"href":"https:\/\/www.marianistes.com\/documentation\/wp-json\/wp\/v2\/users\/3"}],"replies":[{"embeddable":true,"href":"https:\/\/www.marianistes.com\/documentation\/wp-json\/wp\/v2\/comments?post=2265"}],"version-history":[{"count":2,"href":"https:\/\/www.marianistes.com\/documentation\/wp-json\/wp\/v2\/ht_kb\/2265\/revisions"}],"predecessor-version":[{"id":2304,"href":"https:\/\/www.marianistes.com\/documentation\/wp-json\/wp\/v2\/ht_kb\/2265\/revisions\/2304"}],"wp:attachment":[{"href":"https:\/\/www.marianistes.com\/documentation\/wp-json\/wp\/v2\/media?parent=2265"}],"wp:term":[{"taxonomy":"ht_kb_category","embeddable":true,"href":"https:\/\/www.marianistes.com\/documentation\/wp-json\/wp\/v2\/ht_kb_category?post=2265"},{"taxonomy":"ht_kb_tag","embeddable":true,"href":"https:\/\/www.marianistes.com\/documentation\/wp-json\/wp\/v2\/ht_kb_tag?post=2265"}],"curies":[{"name":"wp","href":"https:\/\/api.w.org\/{rel}","templated":true}]}}

Le blason de la Société de Marie

<p>Voici une image du blason (<strong>blason1</strong>) en noir et blanc en .jpg  (560&#215;695 px)- Taille : 1,11 Mo</p>
<p><img loading="lazy" decoding="async" class="size-full wp-image-2270 aligncenter" src="http://www.marianistes.com/documentation/wp-content/uploads/sites/2/2017/01/blason-page1.jpg" alt="" width="200" height="248" srcset="https://www.marianistes.com/documentation/wp-content/uploads/sites/2/2017/01/blason-page1.jpg 200w, https://www.marianistes.com/documentation/wp-content/uploads/sites/2/2017/01/blason-page1-40x50.jpg 40w" sizes="(max-width: 200px) 100vw, 200px" /></p>
<p>&nbsp;</p>
<p>Voici une image du blason (<strong>blason2</strong>) en noir et blanc en .jpg  (739&#215;1024 px)- Taille : 375,3 ko</p>
<p><img loading="lazy" decoding="async" class="size-full wp-image-2271 aligncenter" src="http://www.marianistes.com/documentation/wp-content/uploads/sites/2/2017/01/blason-page2.jpg" alt="" width="200" height="277" srcset="https://www.marianistes.com/documentation/wp-content/uploads/sites/2/2017/01/blason-page2.jpg 200w, https://www.marianistes.com/documentation/wp-content/uploads/sites/2/2017/01/blason-page2-36x50.jpg 36w" sizes="(max-width: 200px) 100vw, 200px" /></p>
<p>&nbsp;</p>
<p>Voici une image du blason (<strong>blason3</strong>) sur pierre &#8211; noir et blanc en .jpg  (1864&#215;2546 px)- Taille : 2,6 Mo</p>
<p><em>(bientôt téléchargeable)</em></p>
<p><img loading="lazy" decoding="async" class="size-full wp-image-2272 aligncenter" src="http://www.marianistes.com/documentation/wp-content/uploads/sites/2/2017/01/blason-page3.jpg" alt="" width="200" height="273" srcset="https://www.marianistes.com/documentation/wp-content/uploads/sites/2/2017/01/blason-page3.jpg 200w, https://www.marianistes.com/documentation/wp-content/uploads/sites/2/2017/01/blason-page3-37x50.jpg 37w" sizes="(max-width: 200px) 100vw, 200px" /></p>
<p>&nbsp;</p>
<p>Voici une image du blason (<strong>blason4</strong>) sur pierre &#8211; en noir et blanc en .jpg  (1753&#215;2816 px)- Taille : 3,3 Mo</p>
<p><em>(bientôt téléchargeable)</em></p>
<p><img loading="lazy" decoding="async" class="size-medium wp-image-2273 aligncenter" src="http://www.marianistes.com/documentation/wp-content/uploads/sites/2/2017/01/blason-page4-187x300.jpg" alt="" width="187" height="300" srcset="https://www.marianistes.com/documentation/wp-content/uploads/sites/2/2017/01/blason-page4-187x300.jpg 187w, https://www.marianistes.com/documentation/wp-content/uploads/sites/2/2017/01/blason-page4-31x50.jpg 31w, https://www.marianistes.com/documentation/wp-content/uploads/sites/2/2017/01/blason-page4.jpg 200w" sizes="(max-width: 187px) 100vw, 187px" /></p>
<p>&nbsp;</p>
<p>Voici une image du blason (<strong>blason5</strong>) en couleur en .png  (521&#215;733 px)- Taille : 1,11 Mo</p>
<p><img loading="lazy" decoding="async" class="size-full wp-image-2274 aligncenter" src="http://www.marianistes.com/documentation/wp-content/uploads/sites/2/2017/01/blason-page5.jpg" alt="" width="200" height="281" srcset="https://www.marianistes.com/documentation/wp-content/uploads/sites/2/2017/01/blason-page5.jpg 200w, https://www.marianistes.com/documentation/wp-content/uploads/sites/2/2017/01/blason-page5-36x50.jpg 36w" sizes="(max-width: 200px) 100vw, 200px" /></p>
<p>&nbsp;</p>
<p>Voici une image du blason (<strong>blason6</strong>) en couleur en .jpg  (1500&#215;1775 px)- Taille : 530,5 ko</p>
<p><img loading="lazy" decoding="async" class="size-full wp-image-2275 aligncenter" src="http://www.marianistes.com/documentation/wp-content/uploads/sites/2/2017/01/blason-page6.jpg" alt="" width="200" height="237" srcset="https://www.marianistes.com/documentation/wp-content/uploads/sites/2/2017/01/blason-page6.jpg 200w, https://www.marianistes.com/documentation/wp-content/uploads/sites/2/2017/01/blason-page6-42x50.jpg 42w" sizes="(max-width: 200px) 100vw, 200px" /></p>
<p><strong>D&#8217;autres blasons &#8211; Documents PDF<br />
</strong></p>
<iframe src="//docs.google.com/viewer?url=http%3A%2F%2Fmedia.marianistes.com%2Fmedia-mf%2FDOCUMENTATION%2Fblason10.pdf&hl=fr&embedded=true" class="gde-frame" style="width:100%; height:500px; border: none;" scrolling="no"></iframe>
<p class="gde-text"><a href="http://media.marianistes.com/media-mf/DOCUMENTATION/blason10.pdf" class="gde-link">Télécharger (PDF, Inconnu)</a></p>
<iframe src="//docs.google.com/viewer?url=http%3A%2F%2Fmedia.marianistes.com%2Fmedia-mf%2FDOCUMENTATION%2Fblason11.pdf&hl=fr&embedded=true" class="gde-frame" style="width:100%; height:500px; border: none;" scrolling="no"></iframe>
<p class="gde-text"><a href="http://media.marianistes.com/media-mf/DOCUMENTATION/blason11.pdf" class="gde-link">Télécharger (PDF, Inconnu)</a></p>
<iframe src="//docs.google.com/viewer?url=http%3A%2F%2Fmedia.marianistes.com%2Fmedia-mf%2FDOCUMENTATION%2Fblason12.pdf&hl=fr&embedded=true" class="gde-frame" style="width:100%; height:500px; border: none;" scrolling="no"></iframe>
<p class="gde-text"><a href="http://media.marianistes.com/media-mf/DOCUMENTATION/blason12.pdf" class="gde-link">Télécharger (PDF, Inconnu)</a></p>
