{"id":2154,"date":"2016-10-12T10:15:05","date_gmt":"2016-10-12T09:15:05","guid":{"rendered":"http:\/\/www.marianistes.com\/documentation\/?post_type=ht_kb&#038;p=2154"},"modified":"2019-05-23T13:18:05","modified_gmt":"2019-05-23T12:18:05","slug":"la-parole-de-dieu-dans-les-lettres-du-pere-chaminade","status":"publish","type":"ht_kb","link":"https:\/\/www.marianistes.com\/documentation\/docs\/la-parole-de-dieu-dans-les-lettres-du-pere-chaminade\/","title":{"rendered":"La Parole de Dieu dans les lettres du P\u00e8re Chaminade"},"content":{"rendered":"<h1 id=\"jecouterai-ce-que-dit-en-moi-le-seigneur-ps-84-9\" >J&#8217;\u00e9couterai ce que dit en moi le Seigneur (Ps 84, 9)<\/h1>\n<h3 id=\"a-m-caillet-bordeaux-26-fevrier-1824-l-271\" >A M. Caillet, Bordeaux. 26 f\u00e9vrier 1824. (L 271)<\/h3>\n<p><strong>OBEDIENCE<\/strong>. Vous d\u00e9sirez, mon cher Fils, \u00e9crites de ma main, des instructions et des notes sur l&#8217;importante mission que vous allez remplir \u00e0 Saint-Remy\u2026<br \/>Pour vous d\u00e9signer plus clairement [l\u2019objet de votre mission], je vous l&#8217;indiquerai, et par rapport au mat\u00e9riel, et par rapport au personnel de l&#8217;Etablissement. \u2026<br \/>Dans le personnel, je comprends tout ce qui regarde le spirituel de la Communaut\u00e9 et tout ce qui y a un rapport direct ou indirect. Vous savez que la premi\u00e8re fin de l&#8217;Institut de Marie est la sanctification de ceux qui le composent.<\/p>\n<p><em>De quelle mani\u00e8re et dans quel esprit devez-vous y travailler ?<\/em><br \/>Voyez, mon cher Fils, d&#8217;abord d&#8217;o\u00f9 vous partez, o\u00f9 vous allez, et envers qui sp\u00e9cialement vous devez exercer votre mission : il vous sera ais\u00e9 ensuite de conclure dans quel esprit vous devez travailler.<br \/>Vous partez d&#8217;un lieu de retraite, d&#8217;un lieu o\u00f9 vous avez cru le monde mort et crucifi\u00e9 pour vous, comme vous vous croyez mort et crucifi\u00e9 pour le monde, d&#8217;un lieu o\u00f9 votre c\u0153ur a si souvent r\u00e9p\u00e9t\u00e9 les belles paroles de saint Paul aux Galates : Mihi absit gloriari, nisi in cruce Domini nostri Jesu Christi : per quem mihi mundus crucifixus est\u00a0 et ego mundo &#8211; Mais pour moi, que la croix de notre Seigneur J\u00e9sus Christ reste ma seule fiert\u00e9. Par elle, le monde est crucifi\u00e9 pour moi, et moi pour le monde. (Gal 6, 14)<\/p>\n<p>Saint Gr\u00e9goire le Grand nous avertit, mon cher Fils, que dans les professions les plus saintes, o\u00f9 l&#8217;on croit avoir arrach\u00e9 de son c\u0153ur pour jamais tout go\u00fbt des vanit\u00e9s, des infid\u00e9lit\u00e9s et de la corruption du si\u00e8cle, on ne laisse pas d&#8217;y retrouver encore quelques racines, et c&#8217;est sans doute dans les rapports que les religieux sont oblig\u00e9s d&#8217;avoir avec les personnes du si\u00e8cle. Nous ne tenons plus au monde ajoute ce P\u00e8re de l&#8217;Eglise ; mais il tient encore \u00e0 nous par des liens imperceptibles. O mon cher Fils, prenez garde\u2026<\/p>\n<h3 id=\"a-m-caillet-saint-remy-29-mai-1824-l-292\" >A M. Caillet, Saint-R\u00e9my. 29 mai 1824. (L 292)<\/h3>\n<p>Votre derni\u00e8re lettre du 13 courant m&#8217;a consol\u00e9, par le d\u00e9tail surtout qu&#8217;elle me donne de la retraite de Saint-R\u00e9my et des heureux fruits qu&#8217;elle a produits\u2026<br \/>Allez, mon cher Fils, toujours en avant ! Procurez-vous les ressources convenables, soit par les charit\u00e9s des fid\u00e8les, soit par des emprunts sagement concert\u00e9s.<\/p>\n<p>Une ancienne Communaut\u00e9, capace dans ses b\u00e2timents, avec une ou deux m\u00e9tairies, e\u00fbt \u00e9t\u00e9 plus utile que ce ch\u00e2teau avec toute sa magnificence et cependant quelle diff\u00e9rence en tout ! Sans doute le Bon Dieu a des vues secr\u00e8tes : ne nous d\u00e9courageons pas ; faisons-y tout le bien que nous pourrons\u2026<br \/>Vous ne me dites rien encore de l&#8217;\u00e9glise ou vaste chapelle&#8230; Il faut qu&#8217;elle soit bien \u00e0 port\u00e9e de toutes les Institutions, et m\u00eame un peu du public. Il faut surtout que les religieux puissent y entrer ais\u00e9ment, et n&#8217;\u00eatre pas m\u00eal\u00e9s avec les s\u00e9culiers, qu&#8217;autant qu&#8217;il est n\u00e9cessaire pour y remplir quelque fonction.<\/p>\n<p>Que le Seigneur daigne vous communiquer une partie au moins de l&#8217;intelligence ou de la sagesse qu&#8217;il donna si abondamment \u00e0 Beseleel ! (cf. Ex 31, 1 : &#8220;<em>Et le Seigneur dit \u00e0 Mo\u00efse : Voil\u00e0 Beseleel&#8230;, de la tribu de Juda, que j&#8217;ai rempli de l&#8217;Esprit de Dieu, de sagesse, d&#8217;intelligence et de science pour toute \u0153uvre d&#8217;or, d&#8217;argent, d&#8217;airain, de marbre, de gemmes et de bois de toutes sortes&#8230; pour qu&#8217;il fasse tout ce que je t&#8217;ai command\u00e9, le tabernacle de l&#8217;alliance, l&#8217;arche du t\u00e9moignage, le propitiatoire, etc.<\/em>&#8220;). Il faut de la modestie et de la simplicit\u00e9 partout, jusqu&#8217;\u00e0 l&#8217;\u00e9glise m\u00eame, mais pas de mesquinerie.<\/p>\n<h3 id=\"a-m-caillet-a-saint-remy-16-juin-1824-l-299\" >A M. Caillet, \u00e0 Saint-R\u00e9my. 16 juin 1824. (L 299)<\/h3>\n<p>Je suis \u00e9tonn\u00e9, mon cher Fils, que vous n&#8217;ayez encore rien re\u00e7u, ni en bienfaits, ni en avances&#8230; Scit Pater vester coelestis quia his indigetis&#8230; &#8211; Votre P\u00e8re c\u00e9leste sait que vous en avez besoin&#8230; (Mt 6, 32).<br \/>Ce n&#8217;est pas moi, mon cher Fils, qui prolonge votre s\u00e9jour ; je ne fais que c\u00e9der\u2026 aux dispositions de la Providence.<br \/>Conservez en toute occasion une grande pr\u00e9sence d&#8217;esprit\u2026 Belle et noble simplicit\u00e9 dans tous nos proc\u00e9d\u00e9s ; franchise, loyaut\u00e9, prudence : voil\u00e0 tout notre art dans nos rapports avec les hommes. Notre Seigneur ne semble-t-il pas en avoir fait comme l&#8217;abr\u00e9g\u00e9 de sa doctrine : Estote ergo simplices sicut columbae et prudentes sicut serpentes ? &#8211; Soyez donc simples comme les colombes et prudents comme les serpents ! (Mt 10, 16)<\/p>\n<p><strong>Lire la suite document PDF de 476\u00a0pages<\/strong><\/p>\n\n<a href=\"https:\/\/www.marianistes.com\/documentation\/wp-content\/uploads\/sites\/2\/2019\/05\/a-mes-chers-enfants-de-saint-remy.pdf\" class=\"pdfemb-viewer\" style=\"height:550px;\" data-width=\"max\" data-height=\"550\" data-toolbar=\"bottom\" data-toolbar-fixed=\"on\">a-mes-chers-enfants-de-saint-remy<\/a>\n<p class=\"wp-block-pdfemb-pdf-embedder-viewer\"><\/p>\n","protected":false},"author":146,"comment_status":"closed","ping_status":"closed","template":"","format":"standard","meta":{"footnotes":""},"ht_kb_category":[158],"ht_kb_tag":[],"class_list":["post-2154","ht_kb","type-ht_kb","status-publish","format-standard","hentry","ht_kb_category-foi"],"_links":{"self":[{"href":"https:\/\/www.marianistes.com\/documentation\/wp-json\/wp\/v2\/ht_kb\/2154"}],"collection":[{"href":"https:\/\/www.marianistes.com\/documentation\/wp-json\/wp\/v2\/ht_kb"}],"about":[{"href":"https:\/\/www.marianistes.com\/documentation\/wp-json\/wp\/v2\/types\/ht_kb"}],"author":[{"embeddable":true,"href":"https:\/\/www.marianistes.com\/documentation\/wp-json\/wp\/v2\/users\/146"}],"replies":[{"embeddable":true,"href":"https:\/\/www.marianistes.com\/documentation\/wp-json\/wp\/v2\/comments?post=2154"}],"version-history":[{"count":1,"href":"https:\/\/www.marianistes.com\/documentation\/wp-json\/wp\/v2\/ht_kb\/2154\/revisions"}],"predecessor-version":[{"id":2696,"href":"https:\/\/www.marianistes.com\/documentation\/wp-json\/wp\/v2\/ht_kb\/2154\/revisions\/2696"}],"wp:attachment":[{"href":"https:\/\/www.marianistes.com\/documentation\/wp-json\/wp\/v2\/media?parent=2154"}],"wp:term":[{"taxonomy":"ht_kb_category","embeddable":true,"href":"https:\/\/www.marianistes.com\/documentation\/wp-json\/wp\/v2\/ht_kb_category?post=2154"},{"taxonomy":"ht_kb_tag","embeddable":true,"href":"https:\/\/www.marianistes.com\/documentation\/wp-json\/wp\/v2\/ht_kb_tag?post=2154"}],"curies":[{"name":"wp","href":"https:\/\/api.w.org\/{rel}","templated":true}]}}

La Parole de Dieu dans les lettres du Père Chaminade

<h1 id="jecouterai-ce-que-dit-en-moi-le-seigneur-ps-84-9" >J&#8217;écouterai ce que dit en moi le Seigneur (Ps 84, 9)</h1>
<h3 id="a-m-caillet-bordeaux-26-fevrier-1824-l-271" >A M. Caillet, Bordeaux. 26 février 1824. (L 271)</h3>
<p><strong>OBEDIENCE</strong>. Vous désirez, mon cher Fils, écrites de ma main, des instructions et des notes sur l&#8217;importante mission que vous allez remplir à Saint-Remy…<br />Pour vous désigner plus clairement [l’objet de votre mission], je vous l&#8217;indiquerai, et par rapport au matériel, et par rapport au personnel de l&#8217;Etablissement. …<br />Dans le personnel, je comprends tout ce qui regarde le spirituel de la Communauté et tout ce qui y a un rapport direct ou indirect. Vous savez que la première fin de l&#8217;Institut de Marie est la sanctification de ceux qui le composent.</p>
<p><em>De quelle manière et dans quel esprit devez-vous y travailler ?</em><br />Voyez, mon cher Fils, d&#8217;abord d&#8217;où vous partez, où vous allez, et envers qui spécialement vous devez exercer votre mission : il vous sera aisé ensuite de conclure dans quel esprit vous devez travailler.<br />Vous partez d&#8217;un lieu de retraite, d&#8217;un lieu où vous avez cru le monde mort et crucifié pour vous, comme vous vous croyez mort et crucifié pour le monde, d&#8217;un lieu où votre cœur a si souvent répété les belles paroles de saint Paul aux Galates : Mihi absit gloriari, nisi in cruce Domini nostri Jesu Christi : per quem mihi mundus crucifixus est  et ego mundo &#8211; Mais pour moi, que la croix de notre Seigneur Jésus Christ reste ma seule fierté. Par elle, le monde est crucifié pour moi, et moi pour le monde. (Gal 6, 14)</p>
<p>Saint Grégoire le Grand nous avertit, mon cher Fils, que dans les professions les plus saintes, où l&#8217;on croit avoir arraché de son cœur pour jamais tout goût des vanités, des infidélités et de la corruption du siècle, on ne laisse pas d&#8217;y retrouver encore quelques racines, et c&#8217;est sans doute dans les rapports que les religieux sont obligés d&#8217;avoir avec les personnes du siècle. Nous ne tenons plus au monde ajoute ce Père de l&#8217;Eglise ; mais il tient encore à nous par des liens imperceptibles. O mon cher Fils, prenez garde…</p>
<h3 id="a-m-caillet-saint-remy-29-mai-1824-l-292" >A M. Caillet, Saint-Rémy. 29 mai 1824. (L 292)</h3>
<p>Votre dernière lettre du 13 courant m&#8217;a consolé, par le détail surtout qu&#8217;elle me donne de la retraite de Saint-Rémy et des heureux fruits qu&#8217;elle a produits…<br />Allez, mon cher Fils, toujours en avant ! Procurez-vous les ressources convenables, soit par les charités des fidèles, soit par des emprunts sagement concertés.</p>
<p>Une ancienne Communauté, capace dans ses bâtiments, avec une ou deux métairies, eût été plus utile que ce château avec toute sa magnificence et cependant quelle différence en tout ! Sans doute le Bon Dieu a des vues secrètes : ne nous décourageons pas ; faisons-y tout le bien que nous pourrons…<br />Vous ne me dites rien encore de l&#8217;église ou vaste chapelle&#8230; Il faut qu&#8217;elle soit bien à portée de toutes les Institutions, et même un peu du public. Il faut surtout que les religieux puissent y entrer aisément, et n&#8217;être pas mêlés avec les séculiers, qu&#8217;autant qu&#8217;il est nécessaire pour y remplir quelque fonction.</p>
<p>Que le Seigneur daigne vous communiquer une partie au moins de l&#8217;intelligence ou de la sagesse qu&#8217;il donna si abondamment à Beseleel ! (cf. Ex 31, 1 : &#8220;<em>Et le Seigneur dit à Moïse : Voilà Beseleel&#8230;, de la tribu de Juda, que j&#8217;ai rempli de l&#8217;Esprit de Dieu, de sagesse, d&#8217;intelligence et de science pour toute œuvre d&#8217;or, d&#8217;argent, d&#8217;airain, de marbre, de gemmes et de bois de toutes sortes&#8230; pour qu&#8217;il fasse tout ce que je t&#8217;ai commandé, le tabernacle de l&#8217;alliance, l&#8217;arche du témoignage, le propitiatoire, etc.</em>&#8220;). Il faut de la modestie et de la simplicité partout, jusqu&#8217;à l&#8217;église même, mais pas de mesquinerie.</p>
<h3 id="a-m-caillet-a-saint-remy-16-juin-1824-l-299" >A M. Caillet, à Saint-Rémy. 16 juin 1824. (L 299)</h3>
<p>Je suis étonné, mon cher Fils, que vous n&#8217;ayez encore rien reçu, ni en bienfaits, ni en avances&#8230; Scit Pater vester coelestis quia his indigetis&#8230; &#8211; Votre Père céleste sait que vous en avez besoin&#8230; (Mt 6, 32).<br />Ce n&#8217;est pas moi, mon cher Fils, qui prolonge votre séjour ; je ne fais que céder… aux dispositions de la Providence.<br />Conservez en toute occasion une grande présence d&#8217;esprit… Belle et noble simplicité dans tous nos procédés ; franchise, loyauté, prudence : voilà tout notre art dans nos rapports avec les hommes. Notre Seigneur ne semble-t-il pas en avoir fait comme l&#8217;abrégé de sa doctrine : Estote ergo simplices sicut columbae et prudentes sicut serpentes ? &#8211; Soyez donc simples comme les colombes et prudents comme les serpents ! (Mt 10, 16)</p>
<p><strong>Lire la suite document PDF de 476 pages</strong></p>

<a href="https://www.marianistes.com/documentation/wp-content/uploads/sites/2/2019/05/a-mes-chers-enfants-de-saint-remy.pdf" class="pdfemb-viewer" style="height:550px;" data-width="max" data-height="550" data-toolbar="bottom" data-toolbar-fixed="on">a-mes-chers-enfants-de-saint-remy</a>
<p class="wp-block-pdfemb-pdf-embedder-viewer"></p>
