{"id":2126,"date":"2016-06-13T18:43:41","date_gmt":"2016-06-13T17:43:41","guid":{"rendered":"http:\/\/www.marianistes.com\/documentation\/?post_type=ht_kb&#038;p=2126"},"modified":"2016-06-13T18:43:41","modified_gmt":"2016-06-13T17:43:41","slug":"licone-du-bicentenaire","status":"publish","type":"ht_kb","link":"https:\/\/www.marianistes.com\/documentation\/docs\/licone-du-bicentenaire\/","title":{"rendered":"l&#8217;Ic\u00f4ne du Bicentenaire"},"content":{"rendered":"<h1 id=\"presentation-de-la-lettre-du-p-chaminade-au-p-chevaux-du-14-decembre-1832\" >Pr\u00e9sentation de la lettre du P. Chaminade au P. Chevaux, du 14 d\u00e9cembre 1832<\/h1>\n<h1 id=\"lettres-t-iii-no-655\" >(Lettres, t. III, n\u00ba 655)<\/h1>\n<p>Chers fr\u00e8res et soeurs,<\/p>\n<p>Au Conseil g\u00e9n\u00e9ral nous avons cherch\u00e9, parmi les documents de nos archives, <strong>une lettre autographe du P. Chaminade, c&#8217;est-\u00e0-dire, \u00e9crite de sa propre main<\/strong>, qui, ensemble avec l&#8217;autre lettre de M\u00e8re Ad\u00e8le, accompagnera sous forme de relique le p\u00e8lerinage autour du monde de l&#8217;ic\u00f4ne du bicentenaire de notre fondation.<\/p>\n<p>Le choix n&#8217;a pas \u00e9t\u00e9 facile. Nous poss\u00e9dons aux archives un bon nombre de lettres qui sont, certainement, plus significatives que celle que nous vous pr\u00e9sentons, mais elles ne sont pas autographes mais ont \u00e9t\u00e9 plut\u00f4t \u00e9crites par ses secr\u00e9taires sous sa dict\u00e9e, ou bien nous ne disposons plus de l&#8217;original mais seulement d&#8217;une copie, ou bien encore elles sont trop longues pour pouvoir \u00eatre pr\u00e9sent\u00e9es dans ce triptyque.<\/p>\n<blockquote><p>Finalement, parmi les rares qui convenaient, nous avons choisi celle que vous avez sous les yeux.Nous croyons qu&#8217;elle contient un message int\u00e9ressant, bref mais tr\u00e8s opportun pour nous tous \u00e0 l&#8217;occasion de la c\u00e9l\u00e9bration des deux cents ans de vie religieuse marianiste.<\/p><\/blockquote>\n<h2 id=\"pour-la-lire-avec-profit-il-est-necessaire-de-tenir-compte-avant-tout-du-contexte-dans-lequel-elle-sinscrit\" >Pour la lire avec profit, il est n\u00e9cessaire de tenir compte, avant tout, du contexte dans lequel elle s&#8217;inscrit.<\/h2>\n<p>Son destinataire, le P. Chevaux, se trouve \u00e0 Saint-Remy. Il est ma\u00eetre des novices et vient d&#8217;\u00eatre nomm\u00e9 sup\u00e9rieur de la communaut\u00e9 et de l&#8217;ensemble de ses oeuvres, en remplacement de M. Clouzet, qui avait \u00e9t\u00e9 son fondateur et qui y restait d\u00e9sormais comme assistant de Travail.<br \/>\nDepuis sa fondation, Saint- Remy n&#8217;avait pas \u00e9t\u00e9 facile \u00e0 gouverner \u00e0 cause de la vari\u00e9t\u00e9 et de la complexit\u00e9 de ses oeuvres (une communaut\u00e9 de fr\u00e8res ouvriers, un noviciat, un internat d&#8217;enseignement secondaire, une \u00e9cole normale, \u2026), mais aussi, \u00e0 cause des tensions personnelles entre ceux qui en ont la charge, religieux de personnalit\u00e9s et de sensibilit\u00e9s vari\u00e9es. C&#8217;est la raison de l&#8217;abondance de la correspondance que le P. Chaminade a maintenu avec eux&#8230;<\/p>\n<iframe src=\"\/\/docs.google.com\/viewer?url=http%3A%2F%2Fmedia.marianistes.com%2Fmedia-mf%2Fpdf-divers%2Ficone-bicentenaire.pdf&hl=fr&embedded=true\" class=\"gde-frame\" style=\"width:100%; height:500px; border: none;\" scrolling=\"no\"><\/iframe>\n<p class=\"gde-text\"><a href=\"http:\/\/media.marianistes.com\/media-mf\/pdf-divers\/icone-bicentenaire.pdf\" class=\"gde-link\">T\u00e9l\u00e9charger (PDF, Inconnu)<\/a><\/p>\n","protected":false},"author":3,"comment_status":"closed","ping_status":"closed","template":"","format":"standard","meta":{"footnotes":""},"ht_kb_category":[168],"ht_kb_tag":[],"class_list":["post-2126","ht_kb","type-ht_kb","status-publish","format-standard","hentry","ht_kb_category-bicentenaire-des-instituts"],"_links":{"self":[{"href":"https:\/\/www.marianistes.com\/documentation\/wp-json\/wp\/v2\/ht_kb\/2126"}],"collection":[{"href":"https:\/\/www.marianistes.com\/documentation\/wp-json\/wp\/v2\/ht_kb"}],"about":[{"href":"https:\/\/www.marianistes.com\/documentation\/wp-json\/wp\/v2\/types\/ht_kb"}],"author":[{"embeddable":true,"href":"https:\/\/www.marianistes.com\/documentation\/wp-json\/wp\/v2\/users\/3"}],"replies":[{"embeddable":true,"href":"https:\/\/www.marianistes.com\/documentation\/wp-json\/wp\/v2\/comments?post=2126"}],"version-history":[{"count":1,"href":"https:\/\/www.marianistes.com\/documentation\/wp-json\/wp\/v2\/ht_kb\/2126\/revisions"}],"predecessor-version":[{"id":2128,"href":"https:\/\/www.marianistes.com\/documentation\/wp-json\/wp\/v2\/ht_kb\/2126\/revisions\/2128"}],"wp:attachment":[{"href":"https:\/\/www.marianistes.com\/documentation\/wp-json\/wp\/v2\/media?parent=2126"}],"wp:term":[{"taxonomy":"ht_kb_category","embeddable":true,"href":"https:\/\/www.marianistes.com\/documentation\/wp-json\/wp\/v2\/ht_kb_category?post=2126"},{"taxonomy":"ht_kb_tag","embeddable":true,"href":"https:\/\/www.marianistes.com\/documentation\/wp-json\/wp\/v2\/ht_kb_tag?post=2126"}],"curies":[{"name":"wp","href":"https:\/\/api.w.org\/{rel}","templated":true}]}}

l&#8217;Icône du Bicentenaire

<h1 id="presentation-de-la-lettre-du-p-chaminade-au-p-chevaux-du-14-decembre-1832" >Présentation de la lettre du P. Chaminade au P. Chevaux, du 14 décembre 1832</h1>
<h1 id="lettres-t-iii-no-655" >(Lettres, t. III, nº 655)</h1>
<p>Chers frères et soeurs,</p>
<p>Au Conseil général nous avons cherché, parmi les documents de nos archives, <strong>une lettre autographe du P. Chaminade, c&#8217;est-à-dire, écrite de sa propre main</strong>, qui, ensemble avec l&#8217;autre lettre de Mère Adèle, accompagnera sous forme de relique le pèlerinage autour du monde de l&#8217;icône du bicentenaire de notre fondation.</p>
<p>Le choix n&#8217;a pas été facile. Nous possédons aux archives un bon nombre de lettres qui sont, certainement, plus significatives que celle que nous vous présentons, mais elles ne sont pas autographes mais ont été plutôt écrites par ses secrétaires sous sa dictée, ou bien nous ne disposons plus de l&#8217;original mais seulement d&#8217;une copie, ou bien encore elles sont trop longues pour pouvoir être présentées dans ce triptyque.</p>
<blockquote><p>Finalement, parmi les rares qui convenaient, nous avons choisi celle que vous avez sous les yeux.Nous croyons qu&#8217;elle contient un message intéressant, bref mais très opportun pour nous tous à l&#8217;occasion de la célébration des deux cents ans de vie religieuse marianiste.</p></blockquote>
<h2 id="pour-la-lire-avec-profit-il-est-necessaire-de-tenir-compte-avant-tout-du-contexte-dans-lequel-elle-sinscrit" >Pour la lire avec profit, il est nécessaire de tenir compte, avant tout, du contexte dans lequel elle s&#8217;inscrit.</h2>
<p>Son destinataire, le P. Chevaux, se trouve à Saint-Remy. Il est maître des novices et vient d&#8217;être nommé supérieur de la communauté et de l&#8217;ensemble de ses oeuvres, en remplacement de M. Clouzet, qui avait été son fondateur et qui y restait désormais comme assistant de Travail.<br />
Depuis sa fondation, Saint- Remy n&#8217;avait pas été facile à gouverner à cause de la variété et de la complexité de ses oeuvres (une communauté de frères ouvriers, un noviciat, un internat d&#8217;enseignement secondaire, une école normale, …), mais aussi, à cause des tensions personnelles entre ceux qui en ont la charge, religieux de personnalités et de sensibilités variées. C&#8217;est la raison de l&#8217;abondance de la correspondance que le P. Chaminade a maintenu avec eux&#8230;</p>
<iframe src="//docs.google.com/viewer?url=http%3A%2F%2Fmedia.marianistes.com%2Fmedia-mf%2Fpdf-divers%2Ficone-bicentenaire.pdf&hl=fr&embedded=true" class="gde-frame" style="width:100%; height:500px; border: none;" scrolling="no"></iframe>
<p class="gde-text"><a href="http://media.marianistes.com/media-mf/pdf-divers/icone-bicentenaire.pdf" class="gde-link">Télécharger (PDF, Inconnu)</a></p>
