{"id":2057,"date":"2016-03-21T15:35:04","date_gmt":"2016-03-21T14:35:04","guid":{"rendered":"http:\/\/www.marianistes.com\/documentation\/?post_type=ht_kb&#038;p=2057"},"modified":"2016-03-21T15:35:04","modified_gmt":"2016-03-21T14:35:04","slug":"henri-vabre-3-tableaux-n1","status":"publish","type":"ht_kb","link":"https:\/\/www.marianistes.com\/documentation\/docs\/henri-vabre-3-tableaux-n1\/","title":{"rendered":"Henri Vabre, 3 tableaux n\u00b01"},"content":{"rendered":"<table>\n<tbody>\n<tr>\n<td><img loading=\"lazy\" decoding=\"async\" class=\"alignnone size-full wp-image-2022\" src=\"http:\/\/www.marianistes.com\/documentation\/wp-content\/uploads\/sites\/2\/2016\/03\/henri-vabre-01red.jpg\" alt=\"henri-vabre-01red\" width=\"147\" height=\"196\" srcset=\"https:\/\/www.marianistes.com\/documentation\/wp-content\/uploads\/sites\/2\/2016\/03\/henri-vabre-01red.jpg 147w, https:\/\/www.marianistes.com\/documentation\/wp-content\/uploads\/sites\/2\/2016\/03\/henri-vabre-01red-38x50.jpg 38w\" sizes=\"(max-width: 147px) 100vw, 147px\" \/><\/td>\n<td>\n<p><figure id=\"attachment_2023\" aria-describedby=\"caption-attachment-2023\" style=\"width: 261px\" class=\"wp-caption alignnone\"><img loading=\"lazy\" decoding=\"async\" class=\"size-full wp-image-2023\" src=\"http:\/\/www.marianistes.com\/documentation\/wp-content\/uploads\/sites\/2\/2016\/03\/henri-vabre-02red.jpg\" alt=\"\u00ab (Dans ses vieux jours) sur la t\u00eate du serpent. \u00bb\" width=\"261\" height=\"196\" srcset=\"https:\/\/www.marianistes.com\/documentation\/wp-content\/uploads\/sites\/2\/2016\/03\/henri-vabre-02red.jpg 261w, https:\/\/www.marianistes.com\/documentation\/wp-content\/uploads\/sites\/2\/2016\/03\/henri-vabre-02red-50x38.jpg 50w\" sizes=\"(max-width: 261px) 100vw, 261px\" \/><figcaption id=\"caption-attachment-2023\" class=\"wp-caption-text\">\u00ab (Dans ses vieux jours) sur la t\u00eate du serpent. \u00bb<\/figcaption><\/figure><\/td>\n<td>\n<p><figure id=\"attachment_2024\" aria-describedby=\"caption-attachment-2024\" style=\"width: 261px\" class=\"wp-caption alignnone\"><img loading=\"lazy\" decoding=\"async\" class=\"size-full wp-image-2024\" src=\"http:\/\/www.marianistes.com\/documentation\/wp-content\/uploads\/sites\/2\/2016\/03\/henri-vabre-03red.jpg\" alt=\"\u00ab La derni\u00e8re visite \u00e0 St R\u00e9my. \u00bb\" width=\"261\" height=\"196\" srcset=\"https:\/\/www.marianistes.com\/documentation\/wp-content\/uploads\/sites\/2\/2016\/03\/henri-vabre-03red.jpg 261w, https:\/\/www.marianistes.com\/documentation\/wp-content\/uploads\/sites\/2\/2016\/03\/henri-vabre-03red-50x38.jpg 50w\" sizes=\"(max-width: 261px) 100vw, 261px\" \/><figcaption id=\"caption-attachment-2024\" class=\"wp-caption-text\">\u00ab La derni\u00e8re visite \u00e0 St R\u00e9my. \u00bb<\/figcaption><\/figure><\/td>\n<\/tr>\n<\/tbody>\n<\/table>\n","protected":false},"author":3,"comment_status":"closed","ping_status":"closed","template":"","format":"standard","meta":{"footnotes":""},"ht_kb_category":[167],"ht_kb_tag":[],"class_list":["post-2057","ht_kb","type-ht_kb","status-publish","format-standard","hentry","ht_kb_category-photos-divers"],"_links":{"self":[{"href":"https:\/\/www.marianistes.com\/documentation\/wp-json\/wp\/v2\/ht_kb\/2057"}],"collection":[{"href":"https:\/\/www.marianistes.com\/documentation\/wp-json\/wp\/v2\/ht_kb"}],"about":[{"href":"https:\/\/www.marianistes.com\/documentation\/wp-json\/wp\/v2\/types\/ht_kb"}],"author":[{"embeddable":true,"href":"https:\/\/www.marianistes.com\/documentation\/wp-json\/wp\/v2\/users\/3"}],"replies":[{"embeddable":true,"href":"https:\/\/www.marianistes.com\/documentation\/wp-json\/wp\/v2\/comments?post=2057"}],"version-history":[{"count":1,"href":"https:\/\/www.marianistes.com\/documentation\/wp-json\/wp\/v2\/ht_kb\/2057\/revisions"}],"predecessor-version":[{"id":2058,"href":"https:\/\/www.marianistes.com\/documentation\/wp-json\/wp\/v2\/ht_kb\/2057\/revisions\/2058"}],"wp:attachment":[{"href":"https:\/\/www.marianistes.com\/documentation\/wp-json\/wp\/v2\/media?parent=2057"}],"wp:term":[{"taxonomy":"ht_kb_category","embeddable":true,"href":"https:\/\/www.marianistes.com\/documentation\/wp-json\/wp\/v2\/ht_kb_category?post=2057"},{"taxonomy":"ht_kb_tag","embeddable":true,"href":"https:\/\/www.marianistes.com\/documentation\/wp-json\/wp\/v2\/ht_kb_tag?post=2057"}],"curies":[{"name":"wp","href":"https:\/\/api.w.org\/{rel}","templated":true}]}}

<table>
<tbody>
<tr>
<td><img loading="lazy" decoding="async" class="alignnone size-full wp-image-2022" src="http://www.marianistes.com/documentation/wp-content/uploads/sites/2/2016/03/henri-vabre-01red.jpg" alt="henri-vabre-01red" width="147" height="196" srcset="https://www.marianistes.com/documentation/wp-content/uploads/sites/2/2016/03/henri-vabre-01red.jpg 147w, https://www.marianistes.com/documentation/wp-content/uploads/sites/2/2016/03/henri-vabre-01red-38x50.jpg 38w" sizes="(max-width: 147px) 100vw, 147px" /></td>
<td>
<p><figure id="attachment_2023" aria-describedby="caption-attachment-2023" style="width: 261px" class="wp-caption alignnone"><img loading="lazy" decoding="async" class="size-full wp-image-2023" src="http://www.marianistes.com/documentation/wp-content/uploads/sites/2/2016/03/henri-vabre-02red.jpg" alt="« (Dans ses vieux jours) sur la tête du serpent. »" width="261" height="196" srcset="https://www.marianistes.com/documentation/wp-content/uploads/sites/2/2016/03/henri-vabre-02red.jpg 261w, https://www.marianistes.com/documentation/wp-content/uploads/sites/2/2016/03/henri-vabre-02red-50x38.jpg 50w" sizes="(max-width: 261px) 100vw, 261px" /><figcaption id="caption-attachment-2023" class="wp-caption-text">« (Dans ses vieux jours) sur la tête du serpent. »</figcaption></figure></td>
<td>
<p><figure id="attachment_2024" aria-describedby="caption-attachment-2024" style="width: 261px" class="wp-caption alignnone"><img loading="lazy" decoding="async" class="size-full wp-image-2024" src="http://www.marianistes.com/documentation/wp-content/uploads/sites/2/2016/03/henri-vabre-03red.jpg" alt="« La dernière visite à St Rémy. »" width="261" height="196" srcset="https://www.marianistes.com/documentation/wp-content/uploads/sites/2/2016/03/henri-vabre-03red.jpg 261w, https://www.marianistes.com/documentation/wp-content/uploads/sites/2/2016/03/henri-vabre-03red-50x38.jpg 50w" sizes="(max-width: 261px) 100vw, 261px" /><figcaption id="caption-attachment-2024" class="wp-caption-text">« La dernière visite à St Rémy. »</figcaption></figure></td>
</tr>
</tbody>
</table>
