{"id":1813,"date":"2016-02-08T09:57:33","date_gmt":"2016-02-08T08:57:33","guid":{"rendered":"http:\/\/www.marianistes.com\/documentation\/?post_type=ht_kb&#038;p=1813"},"modified":"2017-06-26T08:07:08","modified_gmt":"2017-06-26T07:07:08","slug":"linsigne-marianiste","status":"publish","type":"ht_kb","link":"https:\/\/www.marianistes.com\/documentation\/docs\/linsigne-marianiste\/","title":{"rendered":"L&#8217;insigne marianiste"},"content":{"rendered":"<h1 id=\"introduction\" >Introduction<\/h1>\n<h2 id=\"introduction-historique\" >Introduction historique<\/h2>\n<p>A partir de 1963 le clerg\u00e9 a g\u00e9n\u00e9ralement abandonn\u00e9 le port d\u2019un habit particulier (soutane) et les religieux ont suivi. Ils \u00e9prouv\u00e8rent cependant le besoin d&#8217;une marque distinctive, discr\u00e8te et claire, indiquant \u00e0 la fois leur \u00e9tat religieux et leur appartenance \u00e0 telle famille religieuse.<\/p>\n<p>Un insigne a \u00e9t\u00e9 r\u00e9alis\u00e9 pour les Marianistes d\u00e8s la fin de 1963, adopt\u00e9 par plusieurs Provinces de la SM, puis par les FMI.<\/p>\n<p>&#8211; Constitutions 1967, art. 80. \u00ab\u00a0Jusque dans leur tenue ext\u00e9rieure, les Marianistes manifestent la double dimension de leur vocation\u00a0: engagement dans le monde et renoncement au monde. Aussi s&#8217;habillent-ils comme les pr\u00eatres et les la\u00efcs du pays o\u00f9 ils vivent, avec le seul souci de la simplicit\u00e9 et de la modestie. Cependant, \u00e0 moins d&#8217;une mission sp\u00e9ciale et pour le temps qu&#8217;elle dure, tous les Marianistes portent <em>un signe ext\u00e9rieur <\/em>qui marque leur appartenance \u00e0 la Soci\u00e9t\u00e9 de Marie.\u00a0\u00bb<\/p>\n<p>&#8211; R\u00e8gle de 1983 (art. 77)\u00a0: \u00ab\u00a0(Les Marianistes) n&#8217;ont que le souci de t\u00e9moigner de la simplicit\u00e9 et de la modestie qui conviennent \u00e0 des religieux. &#8211; Le Directoire de chaque Province sp\u00e9cifie <em>les signes ext\u00e9rieurs <\/em>qui font reconna\u00eetre les religieux de la Soci\u00e9t\u00e9 de Marie.\u00a0\u00bb<strong>\u00a0<\/strong><\/p>\n<h2 id=\"de-quoi-cet-insigne-est-il-signe\" >De quoi cet insigne est-il signe?<\/h2>\n<p>C\u2019est une Croix qui traverse un &#8220;M&#8221; majuscule, en forme de cercle.<\/p>\n<p>&#8211; <strong>J\u00e9sus<\/strong> Christ est le centre vivant de toute chose, de tout \u00eatre et de toute entreprise dans l&#8217;Eglise. Par lui tout a \u00e9t\u00e9 fait: <em>En lui seul, tout subsiste<\/em><em> (Col <\/em>1, 17). Par sa croix, \u00e9galement tout a \u00e9t\u00e9 sauv\u00e9 de ce qui \u00e9tait perdu: <em>Loin de moi l&#8217;id\u00e9e de me glorifier autrement que dans la Croix de J\u00e9sus Christ <\/em>(Gal 6,14). Enfin, c&#8217;est par lui que tous les hommes retrouveront leur unit\u00e9 dans la charit\u00e9\u00a0: <em>Tout rassembler dans le Christ <\/em><em>(Eph <\/em>1,10).<\/p>\n<p>&#8211; Cette Croix traverse un &#8220;<strong>M<\/strong>&#8220;en forme de <strong>cercle\u00a0<\/strong>; double signification\u00a0:<\/p>\n<p>&#8211; Ce cercle est l&#8217;image du <strong>monde<\/strong>. Or <em>Avant que le monde soit, Je suis\u00a0! <\/em>dit J\u00e9sus\u00a0: le pied de la Croix est donc hors du cercle. Mais, une fois incarn\u00e9, le Christ fait d\u00e9finitivement partie de notre monde\u00a0: la Croix est donc fix\u00e9e au monde en lui donnant tout son sens et sa vraie &#8220;dynamique&#8221;. <em>L&#8217;univers peut \u00eatre en r\u00e9volution, la Croix demeure ferme! <\/em><\/p>\n<p>&#8211; Ce cercle a la forme d&#8217;un &#8220;M&#8221;: n&#8217;est-ce pas par <strong>Marie<\/strong> que le Christ est entr\u00e9 dans le monde et a \u00e9tabli sa demeure parmi nous? Il lui \u00e9tait ant\u00e9rieur et c&#8217;est en son Fils que Marie elle-m\u00eame subsiste. Mais une fois venu par elle, le Christ lui demeure indissolublement li\u00e9, jusqu&#8217;\u00e0 la Croix et jusqu&#8217;\u00e0 la R\u00e9surrection. Aussi, est-ce toujours avec l&#8217;aide maternelle de Marie, que le Christ vient na\u00eetre en chacun d&#8217;entre nous, pour que nous soyons re-form\u00e9s \u00e0 sa ressemblance (E.F. I, N\u00b0 90).<\/p>\n<p>C&#8217;est un bon insigne marianiste\u00a0: J\u00e9sus est le fondement et l&#8217;aboutissement de tout et de tous. <em>Dieu ne pr\u00e9destine personne que pour \u00eatre conforme \u00e0 J\u00e9sus Christ <\/em> (EF. II, N\u00b0 895) posait en principe notre Fondateur qui aimait la parole de Saint Paul: <em>Nul ne peut poser d&#8217;autre fondement que celui qui a \u00e9t\u00e9 pos\u00e9\u00a0: J\u00e9sus Christ <\/em>(I Co 3,11). Et il rappelle cette parole au moment m\u00eame o\u00f9 il veut \u00e9tablir les fondements de tout d\u00e9vouement \u00e0 Marie (EF. I, N\u00b0 106). &#8211; Les Marianistes peuvent ainsi porter \u00e0 la vue de tous cette Croix qui leur rappellera leur attachement ind\u00e9fectible \u00e0 J\u00e9sus Christ et leur d\u00e9sir d&#8217;\u00eatre rendus conformes \u00e0 <em>ce Dieu fait homme pour servir de mod\u00e8le aux hommes <\/em>(Const. 1839, art. 4).<\/p>\n<p>Notre Soci\u00e9t\u00e9 <em>est toujours glorieuse de porter le Nom de Marie<\/em>&#8230; <em>et elle se croit si forte et si puissante dans la possession du Nom de Marie <\/em>(E.F. I, N\u00b0 7 et 128), au point, continue le Fondateur, que <em>Je n&#8217;ai pas besoin de vous avertir que le Nom de Marie doit se trouver comme naturellement partout <\/em>(id.134).<\/p>\n<p>Ce signe manifeste donc que nous appartenons \u00e0 la Famille de Marie et tirons gloire de la Croix de Notre Seigneur J\u00e9sus Christ\u00a0!<\/p>\n<p><strong>Lire et voir la suite -Document Word &#8211; 21 pages<\/strong><\/p>\n<iframe src=\"\/\/docs.google.com\/viewer?url=http%3A%2F%2Fwww.marianistes.com%2Fdocumentation%2Fwp-content%2Fuploads%2Fsites%2F2%2F2016%2F02%2FInsigne-marianiste.docx&hl=fr&embedded=true\" class=\"gde-frame\" style=\"width:100%; height:500px; border: none;\" scrolling=\"no\"><\/iframe>\n<p class=\"gde-text\"><a href=\"http:\/\/www.marianistes.com\/documentation\/wp-content\/uploads\/sites\/2\/2016\/02\/Insigne-marianiste.docx\" class=\"gde-link\">T\u00e9l\u00e9charger (DOCX, Inconnu)<\/a><\/p>\n","protected":false},"author":156,"comment_status":"closed","ping_status":"closed","template":"","format":"standard","meta":{"footnotes":""},"ht_kb_category":[113],"ht_kb_tag":[],"class_list":["post-1813","ht_kb","type-ht_kb","status-publish","format-standard","hentry","ht_kb_category-iconographie"],"_links":{"self":[{"href":"https:\/\/www.marianistes.com\/documentation\/wp-json\/wp\/v2\/ht_kb\/1813"}],"collection":[{"href":"https:\/\/www.marianistes.com\/documentation\/wp-json\/wp\/v2\/ht_kb"}],"about":[{"href":"https:\/\/www.marianistes.com\/documentation\/wp-json\/wp\/v2\/types\/ht_kb"}],"author":[{"embeddable":true,"href":"https:\/\/www.marianistes.com\/documentation\/wp-json\/wp\/v2\/users\/156"}],"replies":[{"embeddable":true,"href":"https:\/\/www.marianistes.com\/documentation\/wp-json\/wp\/v2\/comments?post=1813"}],"version-history":[{"count":2,"href":"https:\/\/www.marianistes.com\/documentation\/wp-json\/wp\/v2\/ht_kb\/1813\/revisions"}],"predecessor-version":[{"id":1818,"href":"https:\/\/www.marianistes.com\/documentation\/wp-json\/wp\/v2\/ht_kb\/1813\/revisions\/1818"}],"wp:attachment":[{"href":"https:\/\/www.marianistes.com\/documentation\/wp-json\/wp\/v2\/media?parent=1813"}],"wp:term":[{"taxonomy":"ht_kb_category","embeddable":true,"href":"https:\/\/www.marianistes.com\/documentation\/wp-json\/wp\/v2\/ht_kb_category?post=1813"},{"taxonomy":"ht_kb_tag","embeddable":true,"href":"https:\/\/www.marianistes.com\/documentation\/wp-json\/wp\/v2\/ht_kb_tag?post=1813"}],"curies":[{"name":"wp","href":"https:\/\/api.w.org\/{rel}","templated":true}]}}

<h1 id="introduction" >Introduction</h1>
<h2 id="introduction-historique" >Introduction historique</h2>
<p>A partir de 1963 le clergé a généralement abandonné le port d’un habit particulier (soutane) et les religieux ont suivi. Ils éprouvèrent cependant le besoin d&#8217;une marque distinctive, discrète et claire, indiquant à la fois leur état religieux et leur appartenance à telle famille religieuse.</p>
<p>Un insigne a été réalisé pour les Marianistes dès la fin de 1963, adopté par plusieurs Provinces de la SM, puis par les FMI.</p>
<p>&#8211; Constitutions 1967, art. 80. « Jusque dans leur tenue extérieure, les Marianistes manifestent la double dimension de leur vocation : engagement dans le monde et renoncement au monde. Aussi s&#8217;habillent-ils comme les prêtres et les laïcs du pays où ils vivent, avec le seul souci de la simplicité et de la modestie. Cependant, à moins d&#8217;une mission spéciale et pour le temps qu&#8217;elle dure, tous les Marianistes portent <em>un signe extérieur </em>qui marque leur appartenance à la Société de Marie. »</p>
<p>&#8211; Règle de 1983 (art. 77) : « (Les Marianistes) n&#8217;ont que le souci de témoigner de la simplicité et de la modestie qui conviennent à des religieux. &#8211; Le Directoire de chaque Province spécifie <em>les signes extérieurs </em>qui font reconnaître les religieux de la Société de Marie. »<strong> </strong></p>
<h2 id="de-quoi-cet-insigne-est-il-signe" >De quoi cet insigne est-il signe?</h2>
<p>C’est une Croix qui traverse un &#8220;M&#8221; majuscule, en forme de cercle.</p>
<p>&#8211; <strong>Jésus</strong> Christ est le centre vivant de toute chose, de tout être et de toute entreprise dans l&#8217;Eglise. Par lui tout a été fait: <em>En lui seul, tout subsiste</em><em> (Col </em>1, 17). Par sa croix, également tout a été sauvé de ce qui était perdu: <em>Loin de moi l&#8217;idée de me glorifier autrement que dans la Croix de Jésus Christ </em>(Gal 6,14). Enfin, c&#8217;est par lui que tous les hommes retrouveront leur unité dans la charité : <em>Tout rassembler dans le Christ </em><em>(Eph </em>1,10).</p>
<p>&#8211; Cette Croix traverse un &#8220;<strong>M</strong>&#8220;en forme de <strong>cercle </strong>; double signification :</p>
<p>&#8211; Ce cercle est l&#8217;image du <strong>monde</strong>. Or <em>Avant que le monde soit, Je suis ! </em>dit Jésus : le pied de la Croix est donc hors du cercle. Mais, une fois incarné, le Christ fait définitivement partie de notre monde : la Croix est donc fixée au monde en lui donnant tout son sens et sa vraie &#8220;dynamique&#8221;. <em>L&#8217;univers peut être en révolution, la Croix demeure ferme! </em></p>
<p>&#8211; Ce cercle a la forme d&#8217;un &#8220;M&#8221;: n&#8217;est-ce pas par <strong>Marie</strong> que le Christ est entré dans le monde et a établi sa demeure parmi nous? Il lui était antérieur et c&#8217;est en son Fils que Marie elle-même subsiste. Mais une fois venu par elle, le Christ lui demeure indissolublement lié, jusqu&#8217;à la Croix et jusqu&#8217;à la Résurrection. Aussi, est-ce toujours avec l&#8217;aide maternelle de Marie, que le Christ vient naître en chacun d&#8217;entre nous, pour que nous soyons re-formés à sa ressemblance (E.F. I, N° 90).</p>
<p>C&#8217;est un bon insigne marianiste : Jésus est le fondement et l&#8217;aboutissement de tout et de tous. <em>Dieu ne prédestine personne que pour être conforme à Jésus Christ </em> (EF. II, N° 895) posait en principe notre Fondateur qui aimait la parole de Saint Paul: <em>Nul ne peut poser d&#8217;autre fondement que celui qui a été posé : Jésus Christ </em>(I Co 3,11). Et il rappelle cette parole au moment même où il veut établir les fondements de tout dévouement à Marie (EF. I, N° 106). &#8211; Les Marianistes peuvent ainsi porter à la vue de tous cette Croix qui leur rappellera leur attachement indéfectible à Jésus Christ et leur désir d&#8217;être rendus conformes à <em>ce Dieu fait homme pour servir de modèle aux hommes </em>(Const. 1839, art. 4).</p>
<p>Notre Société <em>est toujours glorieuse de porter le Nom de Marie</em>&#8230; <em>et elle se croit si forte et si puissante dans la possession du Nom de Marie </em>(E.F. I, N° 7 et 128), au point, continue le Fondateur, que <em>Je n&#8217;ai pas besoin de vous avertir que le Nom de Marie doit se trouver comme naturellement partout </em>(id.134).</p>
<p>Ce signe manifeste donc que nous appartenons à la Famille de Marie et tirons gloire de la Croix de Notre Seigneur Jésus Christ !</p>
<p><strong>Lire et voir la suite -Document Word &#8211; 21 pages</strong></p>
<iframe src="//docs.google.com/viewer?url=http%3A%2F%2Fwww.marianistes.com%2Fdocumentation%2Fwp-content%2Fuploads%2Fsites%2F2%2F2016%2F02%2FInsigne-marianiste.docx&hl=fr&embedded=true" class="gde-frame" style="width:100%; height:500px; border: none;" scrolling="no"></iframe>
<p class="gde-text"><a href="http://www.marianistes.com/documentation/wp-content/uploads/sites/2/2016/02/Insigne-marianiste.docx" class="gde-link">Télécharger (DOCX, Inconnu)</a></p>
