{"id":1191,"date":"2015-11-18T10:33:06","date_gmt":"2015-11-18T09:33:06","guid":{"rendered":"http:\/\/www.marianistes.com\/documentation\/?post_type=ht_kb&#038;p=1191"},"modified":"2016-02-03T15:54:09","modified_gmt":"2016-02-03T14:54:09","slug":"documents-du-chapitre-general-2006","status":"publish","type":"ht_kb","link":"https:\/\/www.marianistes.com\/documentation\/docs\/documents-du-chapitre-general-2006\/","title":{"rendered":"Documents du Chapitre G\u00e9n\u00e9ral 2006"},"content":{"rendered":"<h1 id=\"lesprit-de-la-societe-cest-lesprit-de-marie\" >L&#8217;esprit de la\u00a0Soci\u00e9t\u00e9 c&#8217;est l&#8217;esprit de Marie<\/h1>\n<p>Choix de documents du Chapitre G\u00e9n\u00e9ral 2006<\/p>\n<p>CIRCULAIRES 1 et 2<\/p>\n<p>EN MISSION AVEC MARIE<br \/>\nRapport du 33\u00e8me Chapitre G\u00e9n\u00e9ral de la Soci\u00e9t\u00e9 de Marie Juillet 2006 &#8211; Rome, Italie<br \/>\n(extraits)<\/p>\n<h2 id=\"1-presentation\" >1. Pr\u00e9sentation<\/h2>\n<p>Orientations adress\u00e9es par le chapitre g\u00e9n\u00e9ral 2006 \u00e0 la Soci\u00e9t\u00e9 de Marie dans les circonstances pr\u00e9sentes de son histoire Le chapitre, comme il se doit, a consacr\u00e9 du temps \u00e0 analyser l&#8217;\u00e9tat actuel de la Soci\u00e9t\u00e9 de Marie, dans les circonstances internes et externes de son histoire.<\/p>\n<p>Pour cela, il disposait des rapports du sup\u00e9rieur g\u00e9n\u00e9ral, des assistants, des pr\u00e9sidents des conf\u00e9rences de zone, du conseil g\u00e9n\u00e9ral de la famille marianiste, de communications d&#8217;experts, et, \u00e9videmment, des r\u00e9sultats de la consultation ouverte que la commission pr\u00e9paratoire avait r\u00e9alis\u00e9e sur toute la Soci\u00e9t\u00e9 de Marie.<\/p>\n<p>A la lumi\u00e8re de cette analyse, le chapitre a compris que nous traversions un moment important autant que d\u00e9licat de changement, de passage d&#8217;une image de la vie religieuse marianiste en train de partir en fum\u00e9e \u00e0 une autre sur le point d&#8217;\u00e9merger dans la clart\u00e9.<\/p>\n<p>Comme le montrait bien le r\u00e9sultat de la consultation de la Soci\u00e9t\u00e9 de Marie, c&#8217;est un temps d&#8217;incertitude, o\u00f9 \u00e9clatent les craintes devant l&#8217;avenir : crainte dans les unit\u00e9s &#8220;historiques&#8221; devant la perte de notre d\u00e9ploiement apostolique traditionnel suite \u00e0 un vieillissement progressif sans perspective de rel\u00e8ve; crainte dans les unit\u00e9s &#8220;jeunes&#8221; devant la fragilit\u00e9 de la vie et de la mission par manque de tradition, d&#8217;exp\u00e9rience ou de moyens.<\/p>\n<p>Dans un climat de pri\u00e8re et de discernement, le chapitre a per\u00e7u qu&#8217;\u00e0 travers ce temps de mutation le Seigneur appelle la Soci\u00e9t\u00e9 de Marie \u00e0\u00a0affronter l&#8217;avenir avec conviction et esp\u00e9rance en commen\u00e7ant par renforcer et revitaliser notre identit\u00e9 charismatique.<\/p>\n<p>Pour ouvrir l&#8217;avenir, il nous faut, dans notre vie personnelle et communautaire, donner plus de force \u00e0 ce qui manifeste notre identit\u00e9 dans l&#8217;Eglise et le monde. Autrement dit : nous ne savons pas encore tr\u00e8s bien comment sera l&#8217;avenir, mais nous sommes convaincus qu&#8217;il est l\u00e0, et nous l&#8217;attendons, confiants dans le Seigneur, parce que nous savons \u2013 mieux, nous sentons et vivons \u2013 pour quoi et dans quel but le Seigneur veut les religieux marianistes dans l&#8217;Eglise et le monde.<\/p>\n<p>Ces signes de l&#8217;identit\u00e9 marianiste ne sont autres que ceux qui ont marqu\u00e9 la vie du bienheureux Guillaume-Joseph Chaminade. Nous pouvons les ramener \u00e0 deux : un esprit missionnaire inspir\u00e9 de Marie (notre fondateur comprenait notre mission comme cons\u00e9quence de l&#8217;alliance avec Marie pour prolonger sur la terre la mission qui lui revenait dans l&#8217;histoire du salut), et une mani\u00e8re particuli\u00e8re de vivre la communion fraternelle, et donc la communaut\u00e9 dans l&#8217;Eglise.<\/p>\n<p><strong>Lire la suite sur le document PDF\u00a0de 110 pages<\/strong><\/p>\n<iframe src=\"\/\/docs.google.com\/viewer?url=http%3A%2F%2Fmedia.marianistes.com%2Fmedia-mf%2Fadocs%2Fcirculaires-cortes.pdf&hl=fr&embedded=true\" class=\"gde-frame\" style=\"width:100%; height:500px; border: none;\" scrolling=\"no\"><\/iframe>\n<p class=\"gde-text\"><a href=\"http:\/\/media.marianistes.com\/media-mf\/adocs\/circulaires-cortes.pdf\" class=\"gde-link\">T\u00e9l\u00e9charger (PDF, Inconnu)<\/a><\/p>\n<p>&nbsp;<\/p>\n","protected":false},"author":134,"comment_status":"open","ping_status":"closed","template":"","format":"standard","meta":{"footnotes":""},"ht_kb_category":[117],"ht_kb_tag":[123],"class_list":["post-1191","ht_kb","type-ht_kb","status-publish","format-standard","hentry","ht_kb_category-marie-chez-les-fondateurs","ht_kb_tag-etude"],"_links":{"self":[{"href":"https:\/\/www.marianistes.com\/documentation\/wp-json\/wp\/v2\/ht_kb\/1191"}],"collection":[{"href":"https:\/\/www.marianistes.com\/documentation\/wp-json\/wp\/v2\/ht_kb"}],"about":[{"href":"https:\/\/www.marianistes.com\/documentation\/wp-json\/wp\/v2\/types\/ht_kb"}],"author":[{"embeddable":true,"href":"https:\/\/www.marianistes.com\/documentation\/wp-json\/wp\/v2\/users\/134"}],"replies":[{"embeddable":true,"href":"https:\/\/www.marianistes.com\/documentation\/wp-json\/wp\/v2\/comments?post=1191"}],"version-history":[{"count":2,"href":"https:\/\/www.marianistes.com\/documentation\/wp-json\/wp\/v2\/ht_kb\/1191\/revisions"}],"predecessor-version":[{"id":1197,"href":"https:\/\/www.marianistes.com\/documentation\/wp-json\/wp\/v2\/ht_kb\/1191\/revisions\/1197"}],"wp:attachment":[{"href":"https:\/\/www.marianistes.com\/documentation\/wp-json\/wp\/v2\/media?parent=1191"}],"wp:term":[{"taxonomy":"ht_kb_category","embeddable":true,"href":"https:\/\/www.marianistes.com\/documentation\/wp-json\/wp\/v2\/ht_kb_category?post=1191"},{"taxonomy":"ht_kb_tag","embeddable":true,"href":"https:\/\/www.marianistes.com\/documentation\/wp-json\/wp\/v2\/ht_kb_tag?post=1191"}],"curies":[{"name":"wp","href":"https:\/\/api.w.org\/{rel}","templated":true}]}}

Documents du Chapitre Général 2006

<h1 id="lesprit-de-la-societe-cest-lesprit-de-marie" >L&#8217;esprit de la Société c&#8217;est l&#8217;esprit de Marie</h1>
<p>Choix de documents du Chapitre Général 2006</p>
<p>CIRCULAIRES 1 et 2</p>
<p>EN MISSION AVEC MARIE<br />
Rapport du 33ème Chapitre Général de la Société de Marie Juillet 2006 &#8211; Rome, Italie<br />
(extraits)</p>
<h2 id="1-presentation" >1. Présentation</h2>
<p>Orientations adressées par le chapitre général 2006 à la Société de Marie dans les circonstances présentes de son histoire Le chapitre, comme il se doit, a consacré du temps à analyser l&#8217;état actuel de la Société de Marie, dans les circonstances internes et externes de son histoire.</p>
<p>Pour cela, il disposait des rapports du supérieur général, des assistants, des présidents des conférences de zone, du conseil général de la famille marianiste, de communications d&#8217;experts, et, évidemment, des résultats de la consultation ouverte que la commission préparatoire avait réalisée sur toute la Société de Marie.</p>
<p>A la lumière de cette analyse, le chapitre a compris que nous traversions un moment important autant que délicat de changement, de passage d&#8217;une image de la vie religieuse marianiste en train de partir en fumée à une autre sur le point d&#8217;émerger dans la clarté.</p>
<p>Comme le montrait bien le résultat de la consultation de la Société de Marie, c&#8217;est un temps d&#8217;incertitude, où éclatent les craintes devant l&#8217;avenir : crainte dans les unités &#8220;historiques&#8221; devant la perte de notre déploiement apostolique traditionnel suite à un vieillissement progressif sans perspective de relève; crainte dans les unités &#8220;jeunes&#8221; devant la fragilité de la vie et de la mission par manque de tradition, d&#8217;expérience ou de moyens.</p>
<p>Dans un climat de prière et de discernement, le chapitre a perçu qu&#8217;à travers ce temps de mutation le Seigneur appelle la Société de Marie à affronter l&#8217;avenir avec conviction et espérance en commençant par renforcer et revitaliser notre identité charismatique.</p>
<p>Pour ouvrir l&#8217;avenir, il nous faut, dans notre vie personnelle et communautaire, donner plus de force à ce qui manifeste notre identité dans l&#8217;Eglise et le monde. Autrement dit : nous ne savons pas encore très bien comment sera l&#8217;avenir, mais nous sommes convaincus qu&#8217;il est là, et nous l&#8217;attendons, confiants dans le Seigneur, parce que nous savons – mieux, nous sentons et vivons – pour quoi et dans quel but le Seigneur veut les religieux marianistes dans l&#8217;Eglise et le monde.</p>
<p>Ces signes de l&#8217;identité marianiste ne sont autres que ceux qui ont marqué la vie du bienheureux Guillaume-Joseph Chaminade. Nous pouvons les ramener à deux : un esprit missionnaire inspiré de Marie (notre fondateur comprenait notre mission comme conséquence de l&#8217;alliance avec Marie pour prolonger sur la terre la mission qui lui revenait dans l&#8217;histoire du salut), et une manière particulière de vivre la communion fraternelle, et donc la communauté dans l&#8217;Eglise.</p>
<p><strong>Lire la suite sur le document PDF de 110 pages</strong></p>
<iframe src="//docs.google.com/viewer?url=http%3A%2F%2Fmedia.marianistes.com%2Fmedia-mf%2Fadocs%2Fcirculaires-cortes.pdf&hl=fr&embedded=true" class="gde-frame" style="width:100%; height:500px; border: none;" scrolling="no"></iframe>
<p class="gde-text"><a href="http://media.marianistes.com/media-mf/adocs/circulaires-cortes.pdf" class="gde-link">Télécharger (PDF, Inconnu)</a></p>
<p>&nbsp;</p>
