{"id":1068,"date":"2015-11-13T11:33:34","date_gmt":"2015-11-13T10:33:34","guid":{"rendered":"http:\/\/www.marianistes.com\/documentation\/?post_type=ht_kb&#038;p=1068"},"modified":"2016-02-03T16:23:06","modified_gmt":"2016-02-03T15:23:06","slug":"ecrits-et-paroles-volume-1","status":"publish","type":"ht_kb","link":"https:\/\/www.marianistes.com\/documentation\/docs\/ecrits-et-paroles-volume-1\/","title":{"rendered":"\u00c9crits et paroles"},"content":{"rendered":"<p>Pr\u00e9sent\u00e9s\u00a0sous la direction de Ambrogio Albano, sm.<br \/>\npar un groupe de Religieux Marianistes\u00a0:\u00a0Jean-Baptiste Armbruster, Serge Hospital et Emile Weltz<\/p>\n<h2 id=\"volume-i\" >VOLUME I.<\/h2>\n<p>LE TEMPS DES LAICS &#8211;\u00a0LA CONGREGATION DE BORDEAUX<\/p>\n<p>PREFACE<\/p>\n<p>Au d\u00e9but du XX\u00b0 si\u00e8cle, le R. P. Joseph Simler, quatri\u00e8me Sup\u00e9rieur g\u00e9n\u00e9ral de la Soci\u00e9t\u00e9 de Marie, fut le premier \u00e0 faire conna\u00eetre aux Marianistes et \u00e0 leurs amis, la vie du V\u00e9n\u00e9rable Guillaume-Joseph Chaminade ainsi que sa mission inspir\u00e9e par Dieu.<\/p>\n<p>Son successeur, le R. P. Joseph Hiss, pr\u00e9senta l&#8217;Esprit de notre Fondation. Il se proposait ainsi de mettre \u00e0 la disposition des reli\u00adgieux une synth\u00e8se de la pens\u00e9e intime du Fondateur. A cette \u00e9tude doctrinale, vint s&#8217;ajouter le t\u00e9moignage vivant des Lettres de M. Chaminade, pr\u00e9sent\u00e9es par le P. Henri Lebon.<\/p>\n<p>Stimul\u00e9es par ces premiers travaux, les g\u00e9n\u00e9rations suivantes ont puis\u00e9 syst\u00e9matiquement aux Archives g\u00e9n\u00e9rales pour en tirer les textes les plus marquants, illustrant les aspects fondamentaux du charisme marianiste.<\/p>\n<p>De nos jours est apparue une autre exigence\u00a0: mettre \u00e0 la dis\u00adposition de tous l&#8217;int\u00e9gralit\u00e9 des \u00e9crits du P. Chaminade, dans leur histoire. En effet en venant au monde, l&#8217;homme ne dispose pas de tout ce qui est n\u00e9cessaire au d\u00e9veloppement de sa vie, corporelle et spirituelle. Il a besoin des autres\u2026 Les \u2018talents&#8217; ne sont pas distribu\u00e9s \u00e9galement. Ces diff\u00e9rences appartiennent au plan de Dieu qui veut que chacun re\u00e7oive d&#8217;autrui ce dont il a besoin, et que ceux qui disposent de `talents&#8217; particuliers en communiquent les bienfaits \u00e0 ceux qui en ont besoin.\u00a0\u00bb (Cat\u00e9chisme de l&#8217;Eglise catholique, \u00a7 1936-1937).<\/p>\n<p>C&#8217;est pr\u00e9cis\u00e9ment ce qu&#8217;affirme la R\u00e8gle de la Soci\u00e9t\u00e9 de Marie en pr\u00e9sentant le charisme de l&#8217;Institut comme un don que Dieu nous a fait pour le bien de son peuple (R. 5,\u00a04). Tout un chacun doit avoir acc\u00e8s aux sources de ce charisme. Le premier contact se fait en g\u00e9n\u00e9ral gr\u00e2ce aux personnes qui le communiquent par leurs paroles et leurs exemples\u00a0: elles en t\u00e9moignent par leur vie en l&#8217;adaptant, si n\u00e9cessaire, aux conditions diff\u00e9rentes des \u00e9poques et des lieux. Pour r\u00e9aliser cela, il faut puiser \u00e0 une source permanente et s\u00fbre, des tr\u00e9sors anciens et nouveaux.<\/p>\n<p>Cette source, je me fais un honneur de vous la pr\u00e9senter dans les ECRITS ET PA\u00adROLES de notre Fondateur. Pourquoi ce titre\u00a0? Je pense que ses \u00e9crits et ses paroles peuvent et doivent nourrir, en premier lieu, toute la Famille de Marie qui s&#8217;est constitu\u00e9e autour de lui\u00a0; que ses \u00e9crits et ses paroles, en deuxi\u00e8me lieu, peuvent et doivent des\u00adcendre sur le peuple de Dieu comme ce souffle de l&#8217;Esprit qui inspira \u00e0 Marie un \u00ab\u00a0oui\u00a0\u00bb sans retour\u00a0; que ses \u00e9crits et ses pa\u00adroles, enfin, peuvent et doivent devenir cette eau vive que n&#8217;importe quelle samaritaine peut trouver au hasard de sa route pour \u00e9tancher sa soif.<\/p>\n<p>Un merci tr\u00e8s sp\u00e9cial est d\u00fb \u00e0 M. Ambrogio Albano, auteur de ce projet, ainsi qu&#8217;aux autres membres du comit\u00e9 de r\u00e9daction &#8211;\u00a0le P. Jean-Baptiste Armbruster, le P. Serge Hospital, le P. Emile Weltz\u00a0&#8211; qui, gr\u00e2ce \u00e0 leur exp\u00e9rience, leur d\u00e9vouement et leur travail intense nous ont assur\u00e9 l&#8217;acc\u00e8s \u00e0 cette source que sont les ECRITS ET PAROLES du V\u00e9n\u00e9rable Guillaume-Joseph Chami\u00adnade, notre Fondateur et notre Bon P\u00e8re.<\/p>\n<p>QUENTIN W.-J. HAKENEWERTH, s. m.<br \/>\nSup\u00e9rieur G\u00e9n\u00e9ral<br \/>\nRome, le 22 janvier 1994<\/p>\n<p><strong>Lire la suite sur le Document WORD\u00a0de 4 364\u00a0pages<\/strong><\/p>\n<iframe src=\"\/\/docs.google.com\/viewer?url=http%3A%2F%2Fmedia.marianistes.com%2Fmedia-mf%2Flivres%2Fecrits-et-paroles.docx&hl=fr&embedded=true\" class=\"gde-frame\" style=\"width:100%; height:500px; border: none;\" scrolling=\"no\"><\/iframe>\n<p class=\"gde-text\"><a href=\"http:\/\/media.marianistes.com\/media-mf\/livres\/ecrits-et-paroles.docx\" class=\"gde-link\">T\u00e9l\u00e9charger (DOCX, Inconnu)<\/a><\/p>\n","protected":false},"author":3,"comment_status":"closed","ping_status":"closed","template":"","format":"standard","meta":{"footnotes":""},"ht_kb_category":[114],"ht_kb_tag":[],"class_list":["post-1068","ht_kb","type-ht_kb","status-publish","format-standard","hentry","ht_kb_category-livres"],"_links":{"self":[{"href":"https:\/\/www.marianistes.com\/documentation\/wp-json\/wp\/v2\/ht_kb\/1068"}],"collection":[{"href":"https:\/\/www.marianistes.com\/documentation\/wp-json\/wp\/v2\/ht_kb"}],"about":[{"href":"https:\/\/www.marianistes.com\/documentation\/wp-json\/wp\/v2\/types\/ht_kb"}],"author":[{"embeddable":true,"href":"https:\/\/www.marianistes.com\/documentation\/wp-json\/wp\/v2\/users\/3"}],"replies":[{"embeddable":true,"href":"https:\/\/www.marianistes.com\/documentation\/wp-json\/wp\/v2\/comments?post=1068"}],"version-history":[{"count":2,"href":"https:\/\/www.marianistes.com\/documentation\/wp-json\/wp\/v2\/ht_kb\/1068\/revisions"}],"predecessor-version":[{"id":1075,"href":"https:\/\/www.marianistes.com\/documentation\/wp-json\/wp\/v2\/ht_kb\/1068\/revisions\/1075"}],"wp:attachment":[{"href":"https:\/\/www.marianistes.com\/documentation\/wp-json\/wp\/v2\/media?parent=1068"}],"wp:term":[{"taxonomy":"ht_kb_category","embeddable":true,"href":"https:\/\/www.marianistes.com\/documentation\/wp-json\/wp\/v2\/ht_kb_category?post=1068"},{"taxonomy":"ht_kb_tag","embeddable":true,"href":"https:\/\/www.marianistes.com\/documentation\/wp-json\/wp\/v2\/ht_kb_tag?post=1068"}],"curies":[{"name":"wp","href":"https:\/\/api.w.org\/{rel}","templated":true}]}}

Écrits et paroles

<p>Présentés sous la direction de Ambrogio Albano, sm.<br />
par un groupe de Religieux Marianistes : Jean-Baptiste Armbruster, Serge Hospital et Emile Weltz</p>
<h2 id="volume-i" >VOLUME I.</h2>
<p>LE TEMPS DES LAICS &#8211; LA CONGREGATION DE BORDEAUX</p>
<p>PREFACE</p>
<p>Au début du XX° siècle, le R. P. Joseph Simler, quatrième Supérieur général de la Société de Marie, fut le premier à faire connaître aux Marianistes et à leurs amis, la vie du Vénérable Guillaume-Joseph Chaminade ainsi que sa mission inspirée par Dieu.</p>
<p>Son successeur, le R. P. Joseph Hiss, présenta l&#8217;Esprit de notre Fondation. Il se proposait ainsi de mettre à la disposition des reli­gieux une synthèse de la pensée intime du Fondateur. A cette étude doctrinale, vint s&#8217;ajouter le témoignage vivant des Lettres de M. Chaminade, présentées par le P. Henri Lebon.</p>
<p>Stimulées par ces premiers travaux, les générations suivantes ont puisé systématiquement aux Archives générales pour en tirer les textes les plus marquants, illustrant les aspects fondamentaux du charisme marianiste.</p>
<p>De nos jours est apparue une autre exigence : mettre à la dis­position de tous l&#8217;intégralité des écrits du P. Chaminade, dans leur histoire. En effet en venant au monde, l&#8217;homme ne dispose pas de tout ce qui est nécessaire au développement de sa vie, corporelle et spirituelle. Il a besoin des autres… Les ‘talents&#8217; ne sont pas distribués également. Ces différences appartiennent au plan de Dieu qui veut que chacun reçoive d&#8217;autrui ce dont il a besoin, et que ceux qui disposent de `talents&#8217; particuliers en communiquent les bienfaits à ceux qui en ont besoin. » (Catéchisme de l&#8217;Eglise catholique, § 1936-1937).</p>
<p>C&#8217;est précisément ce qu&#8217;affirme la Règle de la Société de Marie en présentant le charisme de l&#8217;Institut comme un don que Dieu nous a fait pour le bien de son peuple (R. 5, 4). Tout un chacun doit avoir accès aux sources de ce charisme. Le premier contact se fait en général grâce aux personnes qui le communiquent par leurs paroles et leurs exemples : elles en témoignent par leur vie en l&#8217;adaptant, si nécessaire, aux conditions différentes des époques et des lieux. Pour réaliser cela, il faut puiser à une source permanente et sûre, des trésors anciens et nouveaux.</p>
<p>Cette source, je me fais un honneur de vous la présenter dans les ECRITS ET PA­ROLES de notre Fondateur. Pourquoi ce titre ? Je pense que ses écrits et ses paroles peuvent et doivent nourrir, en premier lieu, toute la Famille de Marie qui s&#8217;est constituée autour de lui ; que ses écrits et ses paroles, en deuxième lieu, peuvent et doivent des­cendre sur le peuple de Dieu comme ce souffle de l&#8217;Esprit qui inspira à Marie un « oui » sans retour ; que ses écrits et ses pa­roles, enfin, peuvent et doivent devenir cette eau vive que n&#8217;importe quelle samaritaine peut trouver au hasard de sa route pour étancher sa soif.</p>
<p>Un merci très spécial est dû à M. Ambrogio Albano, auteur de ce projet, ainsi qu&#8217;aux autres membres du comité de rédaction &#8211; le P. Jean-Baptiste Armbruster, le P. Serge Hospital, le P. Emile Weltz &#8211; qui, grâce à leur expérience, leur dévouement et leur travail intense nous ont assuré l&#8217;accès à cette source que sont les ECRITS ET PAROLES du Vénérable Guillaume-Joseph Chami­nade, notre Fondateur et notre Bon Père.</p>
<p>QUENTIN W.-J. HAKENEWERTH, s. m.<br />
Supérieur Général<br />
Rome, le 22 janvier 1994</p>
<p><strong>Lire la suite sur le Document WORD de 4 364 pages</strong></p>
<iframe src="//docs.google.com/viewer?url=http%3A%2F%2Fmedia.marianistes.com%2Fmedia-mf%2Flivres%2Fecrits-et-paroles.docx&hl=fr&embedded=true" class="gde-frame" style="width:100%; height:500px; border: none;" scrolling="no"></iframe>
<p class="gde-text"><a href="http://media.marianistes.com/media-mf/livres/ecrits-et-paroles.docx" class="gde-link">Télécharger (DOCX, Inconnu)</a></p>
